74.7.227.3 - - [17/Dec/2025:22:11:27 +0000] "GET /wp-content/plugins/elementor/vendor_prefixed/twig/src/Node/Expression/Binary/MatchesBinary.php HTTP/2" 500 0 "-" "Mozilla/5.0 AppleWebKit/537.36 (KHTML, like Gecko; compatible; GPTBot/1.3; +https://openai.com/gptbot)"
74.7.227.3 - - [17/Dec/2025:22:12:28 +0000] "GET /wp-content/plugins/pro-elements/modules/popup/assets/images/timing/times.svg HTTP/2" 200 887 "-" "Mozilla/5.0 AppleWebKit/537.36 (KHTML, like Gecko; compatible; GPTBot/1.3; +https://openai.com/gptbot)"
74.7.227.3 - - [17/Dec/2025:22:13:28 +0000] "GET /wp-content/plugins/elementor/vendor_prefixed/twig/src/Node/Expression/Binary/BitwiseXorBinary.php HTTP/2" 500 0 "-" "Mozilla/5.0 AppleWebKit/537.36 (KHTML, like Gecko; compatible; GPTBot/1.3; +https://openai.com/gptbot)"
74.7.227.3 - - [17/Dec/2025:22:14:28 +0000] "GET /wp-content/plugins/elementor/vendor_prefixed/twig/src/Node/Expression/Binary/BitwiseOrBinary.php HTTP/2" 500 0 "-" "Mozilla/5.0 AppleWebKit/537.36 (KHTML, like Gecko; compatible; GPTBot/1.3; +https://openai.com/gptbot)"
74.7.227.3 - - [17/Dec/2025:22:15:29 +0000] "GET /wp-content/plugins/elementor/vendor_prefixed/twig/src/Node/Expression/Binary/BitwiseAndBinary.php HTTP/2" 500 0 "-" "Mozilla/5.0 AppleWebKit/537.36 (KHTML, like Gecko; compatible; GPTBot/1.3; +https://openai.com/gptbot)"
74.7.227.3 - - [17/Dec/2025:22:16:29 +0000] "GET /wp-content/plugins/pro-elements/modules/popup/assets/images/timing/browsers.svg HTTP/2" 200 694 "-" "Mozilla/5.0 AppleWebKit/537.36 (KHTML, like Gecko; compatible; GPTBot/1.3; +https://openai.com/gptbot)"
74.7.227.3 - - [17/Dec/2025:23:00:34 +0000] "GET /wp-content/plugins/elementor/vendor_prefixed/twig/src/Node/Expression/Binary/AddBinary.php HTTP/2" 500 0 "-" "Mozilla/5.0 AppleWebKit/537.36 (KHTML, like Gecko; compatible; GPTBot/1.3; +https://openai.com/gptbot)"
74.7.227.3 - - [17/Dec/2025:23:01:35 +0000] "GET /wp-content/plugins/elementor/vendor_prefixed/twig/src/Node/Expression/Binary/LessBinary.php HTTP/2" 500 0 "-" "Mozilla/5.0 AppleWebKit/537.36 (KHTML, like Gecko; compatible; GPTBot/1.3; +https://openai.com/gptbot)"
74.7.227.3 - - [17/Dec/2025:23:02:37 +0000] "GET /wp-content/plugins/elementor/vendor_prefixed/twig/src/Node/Expression/Binary/PowerBinary.php HTTP/2" 500 0 "-" "Mozilla/5.0 AppleWebKit/537.36 (KHTML, like Gecko; compatible; GPTBot/1.3; +https://openai.com/gptbot)"
74.7.227.3 - - [17/Dec/2025:23:03:41 +0000] "GET /wp-content/plugins/elementor/modules/atomic-widgets/prop-types/primitives/?NA HTTP/2" 200 709 "-" "Mozilla/5.0 AppleWebKit/537.36 (KHTML, like Gecko; compatible; GPTBot/1.3; +https://openai.com/gptbot)"
74.7.227.3 - - [17/Dec/2025:23:04:43 +0000] "GET /wp-content/uploads/elementor/google-fonts/fonts/poppins-pxidyp8kv8jhgfvrjjlmg1hvf9eo.woff2 HTTP/2" 200 8504 "-" "Mozilla/5.0 AppleWebKit/537.36 (KHTML, like Gecko; compatible; GPTBot/1.3; +https://openai.com/gptbot)"
74.7.227.3 - - [17/Dec/2025:22:58:30 +0000] "GET /wp-content/plugins/elementor/vendor_prefixed/twig/src/Node/Expression/Binary/BitwiseAndBinary.php HTTP/2" 500 0 "-" "Mozilla/5.0 AppleWebKit/537.36 (KHTML, like Gecko; compatible; GPTBot/1.3; +https://openai.com/gptbot)"
74.7.227.3 - - [17/Dec/2025:22:59:32 +0000] "GET /wp-content/plugins/elementor/vendor_prefixed/twig/src/Node/Expression/Binary/RangeBinary.php HTTP/2" 500 0 "-" "Mozilla/5.0 AppleWebKit/537.36 (KHTML, like Gecko; compatible; GPTBot/1.3; +https://openai.com/gptbot)"
74.7.227.3 - - [17/Dec/2025:23:05:39 +0000] "GET /wp-content/plugins/elementor/modules/atomic-widgets/prop-types/primitives/?MD HTTP/2" 200 718 "-" "Mozilla/5.0 AppleWebKit/537.36 (KHTML, like Gecko; compatible; GPTBot/1.3; +https://openai.com/gptbot)"
74.7.227.3 - - [17/Dec/2025:23:06:31 +0000] "GET /wp-content/uploads/elementor/google-fonts/fonts/poppins-pxidyp8kv8jhgfvrjjlmv1pvf9eo.woff2 HTTP/2" 200 8720 "-" "Mozilla/5.0 AppleWebKit/537.36 (KHTML, like Gecko; compatible; GPTBot/1.3; +https://openai.com/gptbot)"
74.7.227.3 - - [17/Dec/2025:23:07:17 +0000] "GET /wp-content/plugins/elementor/modules/atomic-widgets/prop-types/primitives/?SD HTTP/2" 200 717 "-" "Mozilla/5.0 AppleWebKit/537.36 (KHTML, like Gecko; compatible; GPTBot/1.3; +https://openai.com/gptbot)"
74.7.227.3 - - [17/Dec/2025:23:07:59 +0000] "GET /wp-content/plugins/elementor/modules/promotions/controls/promotion-control.php HTTP/2" 500 0 "-" "Mozilla/5.0 AppleWebKit/537.36 (KHTML, like Gecko; compatible; GPTBot/1.3; +https://openai.com/gptbot)"
74.7.227.3 - - [17/Dec/2025:23:08:37 +0000] "GET /wp-content/plugins/elementor/core/editor/data/globals/controller.php HTTP/2" 500 0 "-" "Mozilla/5.0 AppleWebKit/537.36 (KHTML, like Gecko; compatible; GPTBot/1.3; +https://openai.com/gptbot)"
74.7.227.3 - - [17/Dec/2025:23:09:42 +0000] "GET /wp-json/jet-elements-api/v1/elementor-template HTTP/2" 500 1033 "-" "Mozilla/5.0 AppleWebKit/537.36 (KHTML, like Gecko; compatible; GPTBot/1.3; +https://openai.com/gptbot)"
170.10.164.108 - - [17/Dec/2025:23:09:52 +0000] "POST /wp-admin/admin-ajax.php?action=async_litespeed&nonce=P1QUwRf01sooUO6Ayf7n7sHtKCUJBrGO&litespeed_type=imgoptm HTTP/1.1" 200 21 "-" "2WQCUjktcv5R"
74.7.227.3 - - [17/Dec/2025:23:10:44 +0000] "GET /lotes/galeria/?nocache=1765992036 HTTP/2" 200 0 "-" "Mozilla/5.0 AppleWebKit/537.36 (KHTML, like Gecko; compatible; GPTBot/1.3; +https://openai.com/gptbot)"
170.10.164.108 - - [17/Dec/2025:23:09:50 +0000] "POST /wp-cron.php?doing_wp_cron=1766012990.8196790218353271484375 HTTP/1.1" 200 0 "-" "Uy1UE3FQVewm"
170.10.164.108 - - [17/Dec/2025:23:18:11 +0000] "POST /wp-cron.php?doing_wp_cron=1766013491.1193320751190185546875 HTTP/1.1" 200 0 "-" "K5G1lLudQXAg"
170.10.164.108 - - [17/Dec/2025:23:18:20 +0000] "POST /wp-admin/admin-ajax.php?action=async_litespeed&nonce=7wcpOx1Ynee9l8Y1Y3emy2HsNIojXHiB&litespeed_type=imgoptm HTTP/1.1" 200 21 "-" "9rhXz2aYNB1U"
170.10.164.108 - - [18/Dec/2025:07:30:22 +0000] "POST /wp-admin/admin-ajax.php?action=async_litespeed&nonce=cJCAHSOKKRfpXxDYTUDInEXJG2Cvd8L9&litespeed_type=imgoptm HTTP/1.1" 200 0 "-" "MsEkap9GYN1G"
136.248.244.164 - - [18/Dec/2025:07:22:48 +0000] "GET /robots.txt HTTP/1.1" 200 67 "-" "Mozilla/5.0 (compatible; MJ12bot/v1.4.8; http://mj12bot.com/)"
136.248.244.164 - - [18/Dec/2025:07:22:50 +0000] "GET / HTTP/1.1" 200 47290 "-" "Mozilla/5.0 (compatible; MJ12bot/v1.4.8; http://mj12bot.com/)"
170.10.164.108 - - [18/Dec/2025:07:34:32 +0000] "POST /wp-cron.php?doing_wp_cron=1766043272.6048409938812255859375 HTTP/1.1" 200 0 "-" "gSAwrhsPzHQd"
170.10.164.108 - - [18/Dec/2025:09:24:03 +0000] "POST /wp-cron.php?doing_wp_cron=1766049843.8170320987701416015625 HTTP/1.1" 200 0 "-" "exqVYhUcC3hl"
216.73.216.32 - - [18/Dec/2025:09:23:34 +0000] "GET /robots.txt HTTP/2" 200 61 "-" "Mozilla/5.0 AppleWebKit/537.36 (KHTML, like Gecko; compatible; ClaudeBot/1.0; +claudebot@anthropic.com)"
216.73.216.32 - - [18/Dec/2025:09:23:34 +0000] "GET /sitemap.xml HTTP/2" 301 0 "-" "Mozilla/5.0 AppleWebKit/537.36 (KHTML, like Gecko; compatible; ClaudeBot/1.0; +claudebot@anthropic.com)"
216.73.216.32 - - [18/Dec/2025:09:23:34 +0000] "GET /sitemaps.xml HTTP/2" 200 0 "https://joms.brainware.com.co/sitemap.xml" "Mozilla/5.0 AppleWebKit/537.36 (KHTML, like Gecko; compatible; ClaudeBot/1.0; +claudebot@anthropic.com)"
170.10.164.108 - - [18/Dec/2025:09:24:05 +0000] "POST /wp-admin/admin-ajax.php?action=async_litespeed&nonce=lfRgAlpKYf1MM4S49VlNhADrxBiIyPEp&litespeed_type=imgoptm HTTP/1.1" 200 21 "-" "oOokd7vZ7uVq"
134.209.25.199 - - [18/Dec/2025:10:34:19 +0000] "GET / HTTP/1.1" 200 0 "-" "Mozilla/5.0 (l9scan/2.0.830313e2436313e20313e2037313; +https://leakix.net)"
216.73.216.32 - - [18/Dec/2025:12:07:46 +0000] "GET /robots.txt HTTP/2" 200 61 "-" "Mozilla/5.0 AppleWebKit/537.36 (KHTML, like Gecko; compatible; ClaudeBot/1.0; +claudebot@anthropic.com)"
134.209.25.199 - - [18/Dec/2025:10:34:19 +0000] "GET / HTTP/1.1" 403 1242 "-" "-"
216.73.216.32 - - [18/Dec/2025:12:08:05 +0000] "GET /sitemap.xml HTTP/2" 301 0 "-" "Mozilla/5.0 AppleWebKit/537.36 (KHTML, like Gecko; compatible; ClaudeBot/1.0; +claudebot@anthropic.com)"
216.73.216.32 - - [18/Dec/2025:12:08:05 +0000] "GET /sitemaps.xml HTTP/2" 200 0 "https://joms.brainware.com.co/sitemap.xml" "Mozilla/5.0 AppleWebKit/537.36 (KHTML, like Gecko; compatible; ClaudeBot/1.0; +claudebot@anthropic.com)"
170.10.164.108 - - [18/Dec/2025:14:05:15 +0000] "POST /wp-cron.php?doing_wp_cron=1766066715.0988399982452392578125 HTTP/1.1" 200 0 "-" "0d7SHrb8NMWF"
35.88.44.11 - - [18/Dec/2025:14:06:30 +0000] "GET /robots.txt HTTP/2" 200 0 "-" "Mozilla/5.0 (compatible; wpbot/1.3; +https://forms.gle/ajBaxygz9jSR8p8G9)"
170.10.164.108 - - [18/Dec/2025:14:31:11 +0000] "POST /wp-admin/admin-ajax.php?action=async_litespeed&nonce=z3HEOHxOQU3x9Uzv4A31ZgAZ4IlcrQyt&litespeed_type=imgoptm HTTP/1.1" 200 21 "-" "w1De4xP3Krp7"
170.10.164.108 - - [18/Dec/2025:14:33:04 +0000] "POST /wp-admin/admin-ajax.php?action=async_litespeed&nonce=2xMq2U5RUMQyj02P3GdJTKKkIAtDbct0&litespeed_type=imgoptm HTTP/1.1" 200 21 "-" "YQlGzlSsfbJ7"
170.10.164.108 - - [18/Dec/2025:14:53:34 +0000] "POST /wp-admin/admin-ajax.php?action=async_litespeed&nonce=D9RWBSuaSUkJv4T6Ep28Ysg7ONjUq2Ua&litespeed_type=imgoptm HTTP/1.1" 200 21 "-" "qBoCiHLhcVLL"
216.73.216.32 - - [18/Dec/2025:15:29:17 +0000] "GET /sitemap.xml HTTP/2" 301 0 "-" "Mozilla/5.0 AppleWebKit/537.36 (KHTML, like Gecko; compatible; ClaudeBot/1.0; +claudebot@anthropic.com)"
216.73.216.32 - - [18/Dec/2025:15:29:17 +0000] "GET /sitemaps.xml HTTP/2" 200 0 "https://joms.brainware.com.co/sitemap.xml" "Mozilla/5.0 AppleWebKit/537.36 (KHTML, like Gecko; compatible; ClaudeBot/1.0; +claudebot@anthropic.com)"
170.10.164.108 - - [18/Dec/2025:15:31:15 +0000] "POST /wp-cron.php?doing_wp_cron=1766071875.4204959869384765625000 HTTP/1.1" 200 0 "-" "QrIA4h7PyJZN"
216.73.216.32 - - [18/Dec/2025:14:05:07 +0000] "GET /robots.txt HTTP/2" 200 61 "-" "Mozilla/5.0 AppleWebKit/537.36 (KHTML, like Gecko; compatible; ClaudeBot/1.0; +claudebot@anthropic.com)"
216.73.216.32 - - [18/Dec/2025:14:05:07 +0000] "GET /sitemap.xml HTTP/2" 301 0 "-" "Mozilla/5.0 AppleWebKit/537.36 (KHTML, like Gecko; compatible; ClaudeBot/1.0; +claudebot@anthropic.com)"
216.73.216.32 - - [18/Dec/2025:14:05:07 +0000] "GET /sitemaps.xml HTTP/2" 200 244 "https://joms.brainware.com.co/sitemap.xml" "Mozilla/5.0 AppleWebKit/537.36 (KHTML, like Gecko; compatible; ClaudeBot/1.0; +claudebot@anthropic.com)"
216.73.216.32 - - [18/Dec/2025:14:37:13 +0000] "GET /sitemap.xml HTTP/2" 301 0 "-" "Mozilla/5.0 AppleWebKit/537.36 (KHTML, like Gecko; compatible; ClaudeBot/1.0; +claudebot@anthropic.com)"
216.73.216.32 - - [18/Dec/2025:14:37:13 +0000] "GET /sitemaps.xml HTTP/2" 200 0 "https://joms.brainware.com.co/sitemap.xml" "Mozilla/5.0 AppleWebKit/537.36 (KHTML, like Gecko; compatible; ClaudeBot/1.0; +claudebot@anthropic.com)"
34.44.98.105 - - [18/Dec/2025:14:53:32 +0000] "GET / HTTP/1.1" 200 589093 "-" "Mozilla/5.0 (Windows NT 10.0; Win64; x64) AppleWebKit/537.36 (KHTML, like Gecko) Chrome/78.0.3904.108 Safari/537.36"
34.44.98.105 - - [18/Dec/2025:14:53:32 +0000] "GET //wp-includes/wlwmanifest.xml HTTP/1.1" 301 0 "-" "Mozilla/5.0 (Windows NT 10.0; Win64; x64) AppleWebKit/537.36 (KHTML, like Gecko) Chrome/78.0.3904.108 Safari/537.36"
34.44.98.105 - - [18/Dec/2025:14:53:35 +0000] "GET //xmlrpc.php?rsd HTTP/1.1" 200 840 "-" "Mozilla/5.0 (Windows NT 10.0; Win64; x64) AppleWebKit/537.36 (KHTML, like Gecko) Chrome/78.0.3904.108 Safari/537.36"
34.44.98.105 - - [18/Dec/2025:14:53:37 +0000] "GET //?author=1 HTTP/1.1" 301 0 "-" "Mozilla/5.0 (Windows NT 10.0; Win64; x64) AppleWebKit/537.36 (KHTML, like Gecko) Chrome/78.0.3904.108 Safari/537.36"
34.44.98.105 - - [18/Dec/2025:14:53:37 +0000] "GET //?author=2 HTTP/1.1" 301 0 "-" "Mozilla/5.0 (Windows NT 10.0; Win64; x64) AppleWebKit/537.36 (KHTML, like Gecko) Chrome/78.0.3904.108 Safari/537.36"
34.44.98.105 - - [18/Dec/2025:14:53:39 +0000] "GET //wp-json/wp/v2/users/ HTTP/1.1" 200 2474 "-" "Mozilla/5.0 (Windows NT 10.0; Win64; x64) AppleWebKit/537.36 (KHTML, like Gecko) Chrome/78.0.3904.108 Safari/537.36"
34.44.98.105 - - [18/Dec/2025:14:53:39 +0000] "POST //xmlrpc.php HTTP/1.1" 200 414 "-" "Mozilla/5.0 (Windows NT 10.0; Win64; x64) AppleWebKit/537.36 (KHTML, like Gecko) Chrome/78.0.3904.108 Safari/537.36"
34.44.98.105 - - [18/Dec/2025:14:53:40 +0000] "POST //xmlrpc.php HTTP/1.1" 200 414 "-" "Mozilla/5.0 (Windows NT 10.0; Win64; x64) AppleWebKit/537.36 (KHTML, like Gecko) Chrome/78.0.3904.108 Safari/537.36"
34.44.98.105 - - [18/Dec/2025:14:53:42 +0000] "POST //xmlrpc.php HTTP/1.1" 200 414 "-" "Mozilla/5.0 (Windows NT 10.0; Win64; x64) AppleWebKit/537.36 (KHTML, like Gecko) Chrome/78.0.3904.108 Safari/537.36"
34.44.98.105 - - [18/Dec/2025:14:53:43 +0000] "POST //xmlrpc.php HTTP/1.1" 200 414 "-" "Mozilla/5.0 (Windows NT 10.0; Win64; x64) AppleWebKit/537.36 (KHTML, like Gecko) Chrome/78.0.3904.108 Safari/537.36"
34.44.98.105 - - [18/Dec/2025:14:53:45 +0000] "POST //xmlrpc.php HTTP/1.1" 403 414 "-" "Mozilla/5.0 (Windows NT 10.0; Win64; x64) AppleWebKit/537.36 (KHTML, like Gecko) Chrome/78.0.3904.108 Safari/537.36"
170.10.164.108 - - [18/Dec/2025:14:05:16 +0000] "POST /wp-admin/admin-ajax.php?action=async_litespeed&nonce=aNj9evzXysnA4Z6V4Ux7EOSmDaY1b5M1&litespeed_type=imgoptm HTTP/1.1" 200 0 "-" "A1nKGgLYEngk"
170.10.164.108 - - [18/Dec/2025:14:10:13 +0000] "POST /wp-cron.php?doing_wp_cron=1766067013.6844611167907714843750 HTTP/1.1" 200 0 "-" "7ZZrrJWRt2Uo"
170.10.164.108 - - [18/Dec/2025:14:10:15 +0000] "POST /wp-admin/admin-ajax.php?action=async_litespeed&nonce=fIUQi2PRZQgJapFFpEtgHVuzmb1znZQv&litespeed_type=imgoptm HTTP/1.1" 200 21 "-" "P4gwFkDC5Vxo"
170.10.164.108 - - [18/Dec/2025:14:31:44 +0000] "POST /wp-admin/admin-ajax.php?action=async_litespeed&nonce=lhWYWMcyXKA3cu1TlJhqpgRiHW5FGKbF&litespeed_type=imgoptm HTTP/1.1" 200 21 "-" "W3ihkJsUtG8U"
216.73.216.32 - - [18/Dec/2025:15:29:07 +0000] "GET /robots.txt HTTP/2" 200 61 "-" "Mozilla/5.0 AppleWebKit/537.36 (KHTML, like Gecko; compatible; ClaudeBot/1.0; +claudebot@anthropic.com)"
170.10.164.108 - - [18/Dec/2025:15:31:16 +0000] "POST /wp-admin/admin-ajax.php?action=async_litespeed&nonce=MkJiXXRObLXx6DWrMQHTTzqGoOanxXKG&litespeed_type=imgoptm HTTP/1.1" 200 21 "-" "fZY00QeI9g41"
216.73.216.32 - - [18/Dec/2025:16:53:24 +0000] "GET /robots.txt HTTP/2" 200 61 "-" "Mozilla/5.0 AppleWebKit/537.36 (KHTML, like Gecko; compatible; ClaudeBot/1.0; +claudebot@anthropic.com)"
216.73.216.32 - - [18/Dec/2025:17:22:06 +0000] "GET /sitemap.xml HTTP/2" 301 0 "-" "Mozilla/5.0 AppleWebKit/537.36 (KHTML, like Gecko; compatible; ClaudeBot/1.0; +claudebot@anthropic.com)"
216.73.216.32 - - [18/Dec/2025:17:22:06 +0000] "GET /sitemaps.xml HTTP/2" 200 0 "https://joms.brainware.com.co/sitemap.xml" "Mozilla/5.0 AppleWebKit/537.36 (KHTML, like Gecko; compatible; ClaudeBot/1.0; +claudebot@anthropic.com)"
74.7.227.62 - - [18/Dec/2025:18:19:05 +0000] "GET / HTTP/2" 200 0 "-" "Mozilla/5.0 AppleWebKit/537.36 (KHTML, like Gecko; compatible; GPTBot/1.3; +https://openai.com/gptbot)"
216.73.216.32 - - [18/Dec/2025:18:25:18 +0000] "GET /robots.txt HTTP/2" 200 61 "-" "Mozilla/5.0 AppleWebKit/537.36 (KHTML, like Gecko; compatible; ClaudeBot/1.0; +claudebot@anthropic.com)"
170.10.164.108 - - [18/Dec/2025:18:30:54 +0000] "POST /wp-cron.php?doing_wp_cron=1766082654.3694999217987060546875 HTTP/1.1" 200 0 "-" "xyq9tYAG65z0"
170.10.164.108 - - [18/Dec/2025:18:31:02 +0000] "POST /wp-admin/admin-ajax.php?action=async_litespeed&nonce=y46NFTx2NXs3MUpYctPGIU0YuA0JsVX2&litespeed_type=imgoptm HTTP/1.1" 200 21 "-" "aA3OZkDyYRIl"
170.10.164.108 - - [18/Dec/2025:17:40:06 +0000] "POST /wp-cron.php?doing_wp_cron=1766079606.5240879058837890625000 HTTP/1.1" 200 0 "-" "51zjxLMEGJLM"
170.10.164.108 - - [18/Dec/2025:18:20:33 +0000] "POST /wp-cron.php?doing_wp_cron=1766082033.5808310508728027343750 HTTP/1.1" 200 0 "-" "YTOPUFFi1b4C"
170.10.164.108 - - [18/Dec/2025:18:20:35 +0000] "POST /wp-admin/admin-ajax.php?action=async_litespeed&nonce=9sepfpm6PmZaSkBsob7Y60paNdgkvIUp&litespeed_type=imgoptm HTTP/1.1" 200 21 "-" "Z9EEf69vqOEd"
216.73.216.32 - - [18/Dec/2025:18:26:08 +0000] "GET /sitemap.xml HTTP/2" 301 0 "-" "Mozilla/5.0 AppleWebKit/537.36 (KHTML, like Gecko; compatible; ClaudeBot/1.0; +claudebot@anthropic.com)"
216.73.216.32 - - [18/Dec/2025:18:26:08 +0000] "GET /sitemaps.xml HTTP/2" 200 0 "https://joms.brainware.com.co/sitemap.xml" "Mozilla/5.0 AppleWebKit/537.36 (KHTML, like Gecko; compatible; ClaudeBot/1.0; +claudebot@anthropic.com)"
170.10.164.108 - - [18/Dec/2025:17:47:34 +0000] "POST /wp-cron.php?doing_wp_cron=1766080054.3867430686950683593750 HTTP/1.1" 200 0 "-" "KyD6699x3M5x"
170.10.164.108 - - [18/Dec/2025:17:47:32 +0000] "POST /wp-admin/admin-ajax.php?action=async_litespeed&nonce=voAHbGKwQ0CimZtAildzcr9RvXzeKira&litespeed_type=imgoptm HTTP/1.1" 200 21 "-" "icRx9xXRwHy6"
170.10.164.108 - - [18/Dec/2025:18:27:42 +0000] "POST /wp-cron.php?doing_wp_cron=1766082462.8946840763092041015625 HTTP/1.1" 200 0 "-" "9VUXo0jeipNP"
170.10.164.108 - - [18/Dec/2025:18:28:05 +0000] "POST /wp-admin/admin-ajax.php?action=async_litespeed&nonce=cuQIDxcdIYVzmimzQICz2dGLIrRH4Gpq&litespeed_type=imgoptm HTTP/1.1" 200 0 "-" "6y5z3zFEUTr3"
209.38.17.224 - - [18/Dec/2025:21:25:27 +0000] "HEAD / HTTP/1.1" 200 0 "-" "Mozilla/5.0 (Windows NT 10.0; Win64; x64) AppleWebKit/537.36 (KHTML, like Gecko) Chrome/125.0.0.0 Safari/537.36"
209.38.17.224 - - [18/Dec/2025:21:25:27 +0000] "GET / HTTP/1.1" 200 47290 "-" "Mozilla/5.0 (Windows NT 10.0; Win64; x64) AppleWebKit/537.36 (KHTML, like Gecko) Chrome/125.0.0.0 Safari/537.36"
209.38.17.224 - - [18/Dec/2025:21:25:28 +0000] "GET /.env HTTP/1.1" 404 22795 "-" "Mozilla/5.0 (Windows NT 10.0; Win64; x64) AppleWebKit/537.36 (KHTML, like Gecko) Chrome/125.0.0.0 Safari/537.36"
209.38.17.224 - - [18/Dec/2025:21:25:38 +0000] "GET / HTTP/1.1" 200 47290 "-" "Mozilla/5.0 (Windows NT 10.0; Win64; x64) AppleWebKit/537.36 (KHTML, like Gecko) Chrome/125.0.0.0 Safari/537.36"
170.10.164.108 - - [18/Dec/2025:21:56:52 +0000] "POST /wp-admin/admin-ajax.php?action=async_litespeed&nonce=4VcCuG1tw5va1qDvY68xh8aaqSizOCAG&litespeed_type=imgoptm HTTP/1.1" 200 21 "-" "7GsQcm7yxwp1"
170.10.164.108 - - [18/Dec/2025:21:25:37 +0000] "POST /wp-cron.php?doing_wp_cron=1766093137.8076589107513427734375 HTTP/1.1" 200 0 "-" "fp61jPKX9Nux"
170.10.164.108 - - [18/Dec/2025:21:27:02 +0000] "POST /wp-cron.php?doing_wp_cron=1766093222.0820870399475097656250 HTTP/1.1" 200 0 "-" "Ntl4WpJvIpvs"
74.7.175.137 - - [18/Dec/2025:21:55:23 +0000] "GET /robots.txt HTTP/2" 200 61 "-" "Mozilla/5.0 (Macintosh; Intel Mac OS X 10_15_7) AppleWebKit/537.36 (KHTML, like Gecko) Chrome/131.0.0.0 Safari/537.36; compatible; OAI-SearchBot/1.3; robots.txt; +https://openai.com/searchbot"
74.7.227.165 - - [18/Dec/2025:21:55:48 +0000] "GET /lotes/galeria/?nocache=1765992036 HTTP/2" 200 0 "-" "Mozilla/5.0 AppleWebKit/537.36 (KHTML, like Gecko; compatible; GPTBot/1.3; +https://openai.com/gptbot)"
74.7.227.165 - - [18/Dec/2025:21:56:18 +0000] "GET /?p=1306 HTTP/2" 200 0 "-" "Mozilla/5.0 AppleWebKit/537.36 (KHTML, like Gecko; compatible; GPTBot/1.3; +https://openai.com/gptbot)"
209.38.17.224 - - [18/Dec/2025:21:25:38 +0000] "POST /vendor/phpunit/phpunit/src/Util/PHP/eval-stdin.php HTTP/1.1" 404 22776 "-" "Mozilla/5.0 (Windows NT 10.0; Win64; x64) AppleWebKit/537.36 (KHTML, like Gecko) Chrome/125.0.0.0 Safari/537.36"
209.38.17.224 - - [18/Dec/2025:21:25:41 +0000] "GET /vendor/laravel-filemanager/js/script.js HTTP/1.1" 404 22793 "-" "Mozilla/5.0 (Windows NT 10.0; Win64; x64) AppleWebKit/537.36 (KHTML, like Gecko) Chrome/125.0.0.0 Safari/537.36"
209.38.17.224 - - [18/Dec/2025:21:25:44 +0000] "GET /public/vendor/laravel-filemanager/js/script.js HTTP/1.1" 404 22857 "-" "Mozilla/5.0 (Windows NT 10.0; Win64; x64) AppleWebKit/537.36 (KHTML, like Gecko) Chrome/125.0.0.0 Safari/537.36"
209.38.17.224 - - [18/Dec/2025:21:25:45 +0000] "POST / HTTP/1.1" 200 47367 "-" "Mozilla/5.0 (Windows NT 10.0; Win64; x64) AppleWebKit/537.36 (KHTML, like Gecko) Chrome/125.0.0.0 Safari/537.36"
170.10.164.108 - - [18/Dec/2025:21:25:39 +0000] "POST /wp-admin/admin-ajax.php?action=async_litespeed&nonce=2IpnYqHlBOTjd4mwgzlTm9X3dA2SckJy&litespeed_type=imgoptm HTTP/1.1" 200 0 "-" "HZ0ZzotelAyQ"
209.38.17.224 - - [18/Dec/2025:21:25:48 +0000] "GET /_ignition/execute-solution HTTP/1.1" 404 22760 "-" "Mozilla/5.0 (Windows NT 10.0; Win64; x64) AppleWebKit/537.36 (KHTML, like Gecko) Chrome/125.0.0.0 Safari/537.36"
209.38.17.224 - - [18/Dec/2025:21:25:50 +0000] "GET /public/_ignition/execute-solution HTTP/1.1" 404 22767 "-" "Mozilla/5.0 (Windows NT 10.0; Win64; x64) AppleWebKit/537.36 (KHTML, like Gecko) Chrome/125.0.0.0 Safari/537.36"
209.38.17.224 - - [18/Dec/2025:21:25:52 +0000] "GET /.git/config HTTP/1.1" 403 1242 "-" "Mozilla/5.0 (Windows NT 10.0; Win64; x64) AppleWebKit/537.36 (KHTML, like Gecko) Chrome/125.0.0.0 Safari/537.36"
170.10.164.108 - - [18/Dec/2025:21:56:48 +0000] "POST /wp-cron.php?doing_wp_cron=1766095008.8614029884338378906250 HTTP/1.1" 200 0 "-" "rufKj5ZPl3Xn"