/home/crealab/access-logs/brainware.com.co-ssl_log
170.10.164.108 - - [17/Dec/2025:14:18:01 +0000] "POST /wp-cron.php?doing_wp_cron=1765981081.7912280559539794921875 HTTP/1.1" 200 0 "-" "WordPress/6.9; https://brainware.com.co"
57.141.6.6 - - [17/Dec/2025:14:17:50 +0000] "GET /sitemap-index.xml HTTP/2" 404 114496 "-" "meta-externalagent/1.1 (+https://developers.facebook.com/docs/sharing/webmasters/crawler)"
170.10.164.108 - - [17/Dec/2025:15:20:04 +0000] "POST /wp-cron.php?doing_wp_cron=1765984804.3714320659637451171875 HTTP/1.1" 200 0 "-" "WordPress/6.9; https://brainware.com.co"
57.141.6.18 - - [17/Dec/2025:15:38:12 +0000] "GET /sitemap.html HTTP/2" 500 384 "-" "meta-externalagent/1.1 (+https://developers.facebook.com/docs/sharing/webmasters/crawler)"
23.23.180.225 - - [17/Dec/2025:14:52:32 +0000] "GET /robots.txt HTTP/1.1" 500 384 "-" "Mozilla/5.0 AppleWebKit/537.36 (KHTML, like Gecko; compatible; Amazonbot/0.1; +https://developer.amazon.com/support/amazonbot) Chrome/119.0.6045.214 Safari/537.36"
98.83.10.183 - - [17/Dec/2025:14:52:40 +0000] "GET /2025/08/21/hello-world/ HTTP/1.1" 500 384 "-" "Mozilla/5.0 AppleWebKit/537.36 (KHTML, like Gecko; compatible; Amazonbot/0.1; +https://developer.amazon.com/support/amazonbot) Chrome/119.0.6045.214 Safari/537.36"
57.141.6.31 - - [17/Dec/2025:15:19:59 +0000] "GET /SiteMap.aspx HTTP/2" 404 114496 "-" "meta-externalagent/1.1 (+https://developers.facebook.com/docs/sharing/webmasters/crawler)"
66.249.70.65 - - [17/Dec/2025:16:10:57 +0000] "GET /robots.txt HTTP/1.1" 500 384 "-" "Mozilla/5.0 (compatible; Googlebot/2.1; +http://www.google.com/bot.html)"
204.76.203.25 - - [17/Dec/2025:16:33:11 +0000] "GET /wp-content/plugins/elementor/assets/js/webpack.runtime.min.js HTTP/1.1" 200 5707 "-" "Mozilla/5.0 (Windows NT 10.0; Win64; x64) AppleWebKit/537.36 (KHTML, like Gecko) Chrome/134.0.0.0 Safari/537.3"
204.76.203.25 - - [17/Dec/2025:16:33:11 +0000] "GET /wp-content/plugins/pro-elements/assets/js/webpack-pro.runtime.min.js HTTP/1.1" 200 6247 "-" "Mozilla/5.0 (Windows NT 10.0; Win64; x64) AppleWebKit/537.36 (KHTML, like Gecko) Chrome/134.0.0.0 Safari/537.3"
171.6.49.140 - - [17/Dec/2025:17:25:39 +0000] "POST /wp-comments-post.php HTTP/1.1" 302 0 "-" "Mozilla/5.0 (Windows NT 10.0; Win64; x64) AppleWebKit/537.36 (KHTML, like Gecko) Chrome/120.0.0.0 Safari/537.36"
49.234.192.248 - - [17/Dec/2025:17:30:31 +0000] "GET / HTTP/1.1" 200 40263 "http://www.brainware.com.co" "Mozilla/5.0 (iPhone; CPU iPhone OS 13_2_3 like Mac OS X) AppleWebKit/605.1.15 (KHTML, like Gecko) Version/13.0.3 Mobile/15E148 Safari/604.1"
185.238.231.180 - - [17/Dec/2025:18:14:02 +0000] "GET /postnews.php HTTP/1.1" 404 35286 "www.google.com" "Mozlila/5.0 (Linux; Android 7.0; SM-G892A Bulid/NRD90M; wv) AppleWebKit/537.36 (KHTML, like Gecko) Version/4.0 Chrome/60.0.3112.107 Moblie Safari/537.36"
144.76.32.189 - - [17/Dec/2025:18:08:41 +0000] "GET /robots.txt HTTP/1.1" 500 384 "-" "Mozilla/5.0 (compatible; SERankingBacklinksBot/1.0; +https://seranking.com/backlinks-crawler)"
185.238.231.197 - - [17/Dec/2025:18:13:24 +0000] "GET /postnews.php HTTP/1.1" 404 35286 "www.google.com" "Mozlila/5.0 (Linux; Android 7.0; SM-G892A Bulid/NRD90M; wv) AppleWebKit/537.36 (KHTML, like Gecko) Version/4.0 Chrome/60.0.3112.107 Moblie Safari/537.36"
170.10.164.108 - - [17/Dec/2025:18:11:16 +0000] "POST /wp-cron.php?doing_wp_cron=1765995076.1767768859863281250000 HTTP/1.1" 200 0 "-" "WordPress/6.9; https://brainware.com.co"
185.238.231.35 - - [17/Dec/2025:18:12:54 +0000] "GET /userfuns.php HTTP/1.1" 404 35286 "www.google.com" "Mozlila/5.0 (Linux; Android 7.0; SM-G892A Bulid/NRD90M; wv) AppleWebKit/537.36 (KHTML, like Gecko) Version/4.0 Chrome/60.0.3112.107 Moblie Safari/537.36"
3.83.76.234 - - [17/Dec/2025:18:20:40 +0000] "GET /robots.txt HTTP/1.1" 200 67 "-" "TerraCotta https://github.com/CeramicTeam/CeramicTerracotta"
18.228.191.58 - - [17/Dec/2025:19:14:44 +0000] "POST /wp-comments-post.php HTTP/1.1" 302 0 "-" "Mozilla/5.0 (Windows NT 10.0; Win64; x64) AppleWebKit/537.36 (KHTML, like Gecko) Chrome/120.0.0.0 Safari/537.36"
185.191.171.3 - - [17/Dec/2025:19:56:49 +0000] "GET /robots.txt HTTP/1.1" 200 0 "-" "Mozilla/5.0 (compatible; SemrushBot/7~bl; +http://www.semrush.com/bot.html)"
170.10.164.108 - - [17/Dec/2025:20:07:26 +0000] "POST /wp-cron.php?doing_wp_cron=1766002046.2073969841003417968750 HTTP/1.1" 200 0 "-" "WordPress/6.9; https://brainware.com.co"
34.240.132.237 - - [17/Dec/2025:20:07:28 +0000] "POST /wp-comments-post.php HTTP/1.1" 302 0 "-" "Mozilla/5.0 (Windows NT 10.0; Win64; x64) AppleWebKit/537.36 (KHTML, like Gecko) Chrome/120.0.0.0 Safari/537.36"
158.94.210.13 - - [17/Dec/2025:20:36:49 +0000] "GET /wp-content/plugins/boot/boot.php HTTP/1.1" 200 0 "-" "Mozilla/5.0 (Linux; Android 7.0; SM-G892A Build/NRD90M; wv) AppleWebKit/537.36 (KHTML, Gecko) Version/4.0 Chrome/60.0.3112.107 Mobile Safari/537.36"
57.141.6.5 - - [17/Dec/2025:19:15:09 +0000] "GET /sitemap_index.xml HTTP/2" 301 0 "-" "meta-externalagent/1.1 (+https://developers.facebook.com/docs/sharing/webmasters/crawler)"
185.191.171.3 - - [17/Dec/2025:19:56:34 +0000] "GET /robots.txt HTTP/1.1" 200 0 "-" "Mozilla/5.0 (compatible; SemrushBot/7~bl; +http://www.semrush.com/bot.html)"
170.10.164.108 - - [17/Dec/2025:20:43:16 +0000] "POST /wp-cron.php?doing_wp_cron=1766004196.5465140342712402343750 HTTP/1.1" 200 0 "-" "WordPress/6.9; https://brainware.com.co"
66.249.70.65 - - [17/Dec/2025:23:06:14 +0000] "GET /favicon.ico HTTP/1.1" 404 1251 "-" "Googlebot-Image/1.0"
66.249.70.65 - - [17/Dec/2025:23:06:15 +0000] "GET /favicon.ico HTTP/1.1" 404 1251 "-" "Googlebot-Image/1.0"
66.249.70.65 - - [17/Dec/2025:23:06:15 +0000] "GET /favicon.ico HTTP/1.1" 404 1251 "-" "Googlebot-Image/1.0"
66.249.70.66 - - [17/Dec/2025:23:04:13 +0000] "GET /robots.txt HTTP/1.1" 500 384 "-" "Mozilla/5.0 (compatible; Googlebot/2.1; +http://www.google.com/bot.html)"
52.167.144.58 - - [17/Dec/2025:23:09:09 +0000] "GET /robots.txt HTTP/2" 200 61 "-" "Mozilla/5.0 AppleWebKit/537.36 (KHTML, like Gecko; compatible; bingbot/2.0; +http://www.bing.com/bingbot.htm) Chrome/116.0.1938.76 Safari/537.36"
40.77.167.4 - - [17/Dec/2025:23:09:14 +0000] "GET /wp-content/plugins/cookieadmin/assets/images/cookieadmin_icon.svg HTTP/2" 200 293 "-" "Mozilla/5.0 AppleWebKit/537.36 (KHTML, like Gecko; compatible; bingbot/2.0; +http://www.bing.com/bingbot.htm) Chrome/116.0.1938.76 Safari/537.36"
2a06:98c0:3600::103 - - [18/Dec/2025:00:59:29 +0000] "GET /wordpress/wp-admin/setup-config.php HTTP/2" 404 31788 "-" "Mozilla/5.0 (Windows NT 10.0; Win64; x64) AppleWebKit/537.36 (KHTML, like Gecko) Chrome/142.0.0.0 Safari/537.36"
2a06:98c0:3600::103 - - [18/Dec/2025:00:59:44 +0000] "GET /wp-admin/setup-config.php HTTP/2" 200 0 "-" "https://brainware.com.co/wp-admin/setup-config.php"
185.193.156.145 - - [18/Dec/2025:00:26:30 +0000] "GET / HTTP/1.1" 200 146585 "-" "Mozilla/5.0 (Windows NT 10.0; Win64; x64) AppleWebKit/537.36 (KHTML, like Gecko) Chrome/78.0.3904.108 Safari/537.36"
185.193.156.145 - - [18/Dec/2025:00:26:32 +0000] "GET //wp-includes/wlwmanifest.xml HTTP/1.1" 301 0 "-" "Mozilla/5.0 (Windows NT 10.0; Win64; x64) AppleWebKit/537.36 (KHTML, like Gecko) Chrome/78.0.3904.108 Safari/537.36"
185.193.156.145 - - [18/Dec/2025:00:26:32 +0000] "GET //xmlrpc.php?rsd HTTP/1.1" 200 810 "-" "Mozilla/5.0 (Windows NT 10.0; Win64; x64) AppleWebKit/537.36 (KHTML, like Gecko) Chrome/78.0.3904.108 Safari/537.36"
185.193.156.145 - - [18/Dec/2025:00:26:33 +0000] "GET //?author=1 HTTP/1.1" 301 0 "-" "Mozilla/5.0 (Windows NT 10.0; Win64; x64) AppleWebKit/537.36 (KHTML, like Gecko) Chrome/78.0.3904.108 Safari/537.36"
185.193.156.145 - - [18/Dec/2025:00:26:34 +0000] "GET //?author=2 HTTP/1.1" 301 0 "-" "Mozilla/5.0 (Windows NT 10.0; Win64; x64) AppleWebKit/537.36 (KHTML, like Gecko) Chrome/78.0.3904.108 Safari/537.36"
185.193.156.145 - - [18/Dec/2025:00:26:34 +0000] "GET //wp-json/wp/v2/users/ HTTP/1.1" 200 906 "-" "Mozilla/5.0 (Windows NT 10.0; Win64; x64) AppleWebKit/537.36 (KHTML, like Gecko) Chrome/78.0.3904.108 Safari/537.36"
185.193.156.145 - - [18/Dec/2025:00:26:35 +0000] "POST //xmlrpc.php HTTP/1.1" 200 414 "-" "Mozilla/5.0 (Windows NT 10.0; Win64; x64) AppleWebKit/537.36 (KHTML, like Gecko) Chrome/78.0.3904.108 Safari/537.36"
185.193.156.145 - - [18/Dec/2025:00:26:36 +0000] "POST //xmlrpc.php HTTP/1.1" 200 414 "-" "Mozilla/5.0 (Windows NT 10.0; Win64; x64) AppleWebKit/537.36 (KHTML, like Gecko) Chrome/78.0.3904.108 Safari/537.36"
185.193.156.145 - - [18/Dec/2025:00:26:36 +0000] "POST //xmlrpc.php HTTP/1.1" 200 414 "-" "Mozilla/5.0 (Windows NT 10.0; Win64; x64) AppleWebKit/537.36 (KHTML, like Gecko) Chrome/78.0.3904.108 Safari/537.36"
185.193.156.145 - - [18/Dec/2025:00:26:37 +0000] "POST //xmlrpc.php HTTP/1.1" 200 414 "-" "Mozilla/5.0 (Windows NT 10.0; Win64; x64) AppleWebKit/537.36 (KHTML, like Gecko) Chrome/78.0.3904.108 Safari/537.36"
185.193.156.145 - - [18/Dec/2025:00:26:39 +0000] "POST //xmlrpc.php HTTP/1.1" 403 414 "-" "Mozilla/5.0 (Windows NT 10.0; Win64; x64) AppleWebKit/537.36 (KHTML, like Gecko) Chrome/78.0.3904.108 Safari/537.36"
104.210.140.134 - - [18/Dec/2025:02:32:10 +0000] "GET    /robots.txt HTTP/2" 200 61 "-" "Mozilla/5.0 (Macintosh; Intel Mac OS X 10_15_7) AppleWebKit/537.36 (KHTML, like Gecko) Chrome/131.0.0.0 Safari/537.36; compatible; OAI-SearchBot/1.0; +https://openai.com/searchbot"
47.128.43.116 - - [18/Dec/2025:02:39:26 +0000] "GET /robots.txt HTTP/1.1" 200 0 "-" "Mozilla/5.0 (Linux; Android 5.0) AppleWebKit/537.36 (KHTML, like Gecko) Mobile Safari/537.36 (compatible; Bytespider; spider-feedback@bytedance.com)"
170.10.164.108 - - [18/Dec/2025:02:32:14 +0000] "POST /wp-cron.php?doing_wp_cron=1766025134.5985429286956787109375 HTTP/1.1" 200 0 "-" "WordPress/6.9; https://brainware.com.co"
144.76.32.189 - - [18/Dec/2025:03:02:26 +0000] "GET /robots.txt HTTP/1.1" 200 70 "-" "Mozilla/5.0 (compatible; SERankingBacklinksBot/1.0; +https://seranking.com/backlinks-crawler)"
144.76.32.189 - - [18/Dec/2025:03:02:45 +0000] "GET /sitemap.xml HTTP/1.1" 301 0 "-" "Mozilla/5.0 (compatible; SERankingBacklinksBot/1.0; +https://seranking.com/backlinks-crawler)"
144.76.32.189 - - [18/Dec/2025:03:02:47 +0000] "GET /sitemaps.xml HTTP/1.1" 200 221 "-" "Mozilla/5.0 (compatible; SERankingBacklinksBot/1.0; +https://seranking.com/backlinks-crawler)"
170.10.164.108 - - [18/Dec/2025:03:02:45 +0000] "POST /wp-cron.php?doing_wp_cron=1766026965.5120859146118164062500 HTTP/1.1" 200 0 "-" "WordPress/6.9; https://brainware.com.co"
95.164.51.57 - - [18/Dec/2025:03:29:16 +0000] "POST /wp-comments-post.php HTTP/1.1" 302 0 "-" "Mozilla/5.0 (Windows NT 10.0; Win64; x64) AppleWebKit/537.36 (KHTML, like Gecko) Chrome/120.0.0.0 Safari/537.36"
2a06:98c0:3600::103 - - [18/Dec/2025:04:50:22 +0000] "GET /wp-admin/setup-config.php HTTP/2" 200 0 "-" "Mozilla/5.0 (Windows NT 10.0; Win64; x64) AppleWebKit/537.36 (KHTML, like Gecko) Chrome/142.0.0.0 Safari/537.36"
44.222.20.176 - - [18/Dec/2025:06:03:01 +0000] "GET / HTTP/1.1" 500 384 "-" "Mozilla/5.0 (Windows NT 10.0; Win64; x64) AppleWebKit/537.36 (KHTML, like Gecko) Chrome/113.0.0.0 Safari/537.36"
44.222.20.176 - - [18/Dec/2025:06:13:15 +0000] "GET / HTTP/1.1" 200 36811 "-" "Mozilla/5.0 (Windows NT 10.0; Win64; x64) AppleWebKit/537.36 (KHTML, like Gecko) Chrome/113.0.0.0 Safari/537.36"
35.183.185.198 - - [18/Dec/2025:06:25:11 +0000] "POST / HTTP/1.1" 200 40262 "-" "Mozilla/5.0 (Windows NT 10.0; Win64; x64) AppleWebKit/537.36 (KHTML, like Gecko) Chrome/60.0.3112.113 Safari/537.36 Assetnote/1.0.0"
170.10.164.108 - - [18/Dec/2025:06:05:13 +0000] "POST /wp-cron.php?doing_wp_cron=1766037913.9004349708557128906250 HTTP/1.1" 200 0 "-" "WordPress/6.9; https://brainware.com.co"
35.183.185.198 - - [18/Dec/2025:06:25:01 +0000] "GET / HTTP/1.1" 200 0 "-" "Mozilla/5.0 (Windows NT 10.0; Win64; x64) AppleWebKit/537.36 (KHTML, like Gecko) Chrome/60.0.3112.113 Safari/537.36 Assetnote/1.0.0"
4.241.176.112 - - [18/Dec/2025:09:10:31 +0000] "GET /wp-login.php HTTP/1.1" 200 14385 "https://www.yahoo.com/" "Mozilla/5.g (Linux; Android 13; Pixel 7) AppleWebKit/537.36 (KHTML, like Gecko) Chrome/116.0.0.0 Mobile Safari/537.36"
178.128.243.176 - - [18/Dec/2025:08:09:07 +0000] "GET / HTTP/1.1" 400 52 "-" "Mozilla/5.0 (X11; Linux x86_64) AppleWebKit/537.36 (KHTML, like Gecko) Chrome/139.0.0.0 Safari/537.36"
178.128.243.176 - - [18/Dec/2025:08:09:09 +0000] "GET /favicon.ico HTTP/1.1" 400 52 "https://autodiscover.brainware.com.co/" "Mozilla/5.0 (X11; Linux x86_64) AppleWebKit/537.36 (KHTML, like Gecko) Chrome/139.0.0.0 Safari/537.36"
4.241.176.112 - - [18/Dec/2025:09:09:14 +0000] "GET /wp-admin/ HTTP/1.1" 302 0 "https://duckduckgo.com/" "Mozilla/5.0 (Linux; Android 13; SM-G991U) AppleWebKit/537.36 (KHTML, like Gecko) Chrome/117.0.0.0 Mobile Safari/537.36"
4.241.176.112 - - [18/Dec/2025:09:09:15 +0000] "GET /wp-login.php?redirect_to=https%3A%2F%2Fbrainware.com.co%2Fwp-admin%2F&reauth=1 HTTP/1.1" 200 14553 "https://duckduckgo.com/" "Mozilla/5.0 (Linux; Android 13; SM-G991U) AppleWebKit/537.36 (KHTML, like Gecko) Chrome/117.0.0.0 Mobile Safari/537.36"
4.241.176.112 - - [18/Dec/2025:09:09:27 +0000] "GET /wp-admin/index.php HTTP/1.1" 302 0 "https://www.google.fr/" "Mozilla/5.0 (iPhone; CPU iPhone OS 17_0_3 like Mac OS X) AppleWebKit/605.1.15 (KHTML, like Gecko) Version/17.0.1 Mobile/15E148 Safari/604.1"
4.241.176.112 - - [18/Dec/2025:09:09:28 +0000] "GET /wp-login.php?redirect_to=https%3A%2F%2Fbrainware.com.co%2Fwp-admin%2Findex.php&reauth=1 HTTP/1.1" 200 14580 "https://www.google.fr/" "Mozilla/5.0 (iPhone; CPU iPhone OS 17_0_3 like Mac OS X) AppleWebKit/605.1.15 (KHTML, like Gecko) Version/17.0.1 Mobile/15E148 Safari/604.1"
4.241.176.112 - - [18/Dec/2025:09:09:31 +0000] "GET /wp-admin/network/admin.php HTTP/1.1" 302 0 "https://www.google.com/" "Mozilla/5.0 (Linux; Android 13; SM-G991U) AppleWebKit/537.36 (KHTML, like Gecko) Chrome/117.0.0.0 Mobile Safari/537.36"
4.241.176.112 - - [18/Dec/2025:09:09:32 +0000] "GET /wp-login.php?redirect_to=https%3A%2F%2Fbrainware.com.co%2Fwp-admin%2Fnetwork%2Fadmin.php&reauth=1 HTTP/1.1" 200 14606 "https://www.google.com/" "Mozilla/5.0 (Linux; Android 13; SM-G991U) AppleWebKit/537.36 (KHTML, like Gecko) Chrome/117.0.0.0 Mobile Safari/537.36"
191.233.136.135 - - [18/Dec/2025:10:21:03 +0000] "POST /xmlrpc.php HTTP/2" 200 216 "-" "Mozilla/4.0 (compatible; MSIE 7.0; Windows NT 6.1; WOW64; Trident/7.0; SLCC2; .NET CLR 2.0.50727; .NET CLR 3.5.30729; .NET CLR 3.0.30729; .NET4.0C; .NET4.0E; InfoPath.3)"
170.10.164.108 - - [18/Dec/2025:11:03:07 +0000] "POST /wp-cron.php?doing_wp_cron=1766055787.6616590023040771484375 HTTP/1.1" 200 0 "-" "WordPress/6.9; https://brainware.com.co"
92.253.193.23 - - [18/Dec/2025:12:52:37 +0000] "GET / HTTP/1.1" 200 40262 "-" "Mozilla/5.0 (Macintosh; Intel Mac OS X 10_15_7) AppleWebKit/537.36 (KHTML, like Gecko) Chrome/120.0.0.0 Safari/537.36"
2a06:98c0:3600::103 - - [18/Dec/2025:10:03:03 +0000] "GET /wp-admin/setup-config.php HTTP/2" 200 0 "-" "https://brainware.com.co/wp-admin/setup-config.php"
138.199.35.8 - - [18/Dec/2025:12:09:44 +0000] "GET / HTTP/1.1" 200 146585 "-" "Mozilla/5.0 (Windows NT 10.0; Win64; x64) AppleWebKit/537.36 (KHTML, like Gecko) Chrome/78.0.3904.108 Safari/537.36"
138.199.35.8 - - [18/Dec/2025:12:09:46 +0000] "GET //wp-includes/wlwmanifest.xml HTTP/1.1" 301 0 "-" "Mozilla/5.0 (Windows NT 10.0; Win64; x64) AppleWebKit/537.36 (KHTML, like Gecko) Chrome/78.0.3904.108 Safari/537.36"
138.199.35.8 - - [18/Dec/2025:12:09:47 +0000] "GET //xmlrpc.php?rsd HTTP/1.1" 200 810 "-" "Mozilla/5.0 (Windows NT 10.0; Win64; x64) AppleWebKit/537.36 (KHTML, like Gecko) Chrome/78.0.3904.108 Safari/537.36"
138.199.35.8 - - [18/Dec/2025:12:09:48 +0000] "GET //?author=1 HTTP/1.1" 301 0 "-" "Mozilla/5.0 (Windows NT 10.0; Win64; x64) AppleWebKit/537.36 (KHTML, like Gecko) Chrome/78.0.3904.108 Safari/537.36"
138.199.35.8 - - [18/Dec/2025:12:09:49 +0000] "GET //?author=2 HTTP/1.1" 301 0 "-" "Mozilla/5.0 (Windows NT 10.0; Win64; x64) AppleWebKit/537.36 (KHTML, like Gecko) Chrome/78.0.3904.108 Safari/537.36"
138.199.35.8 - - [18/Dec/2025:12:09:50 +0000] "GET //wp-json/wp/v2/users/ HTTP/1.1" 200 906 "-" "Mozilla/5.0 (Windows NT 10.0; Win64; x64) AppleWebKit/537.36 (KHTML, like Gecko) Chrome/78.0.3904.108 Safari/537.36"
138.199.35.8 - - [18/Dec/2025:12:09:51 +0000] "POST //xmlrpc.php HTTP/1.1" 200 414 "-" "Mozilla/5.0 (Windows NT 10.0; Win64; x64) AppleWebKit/537.36 (KHTML, like Gecko) Chrome/78.0.3904.108 Safari/537.36"
138.199.35.8 - - [18/Dec/2025:12:09:52 +0000] "POST //xmlrpc.php HTTP/1.1" 200 414 "-" "Mozilla/5.0 (Windows NT 10.0; Win64; x64) AppleWebKit/537.36 (KHTML, like Gecko) Chrome/78.0.3904.108 Safari/537.36"
138.199.35.8 - - [18/Dec/2025:12:09:53 +0000] "POST //xmlrpc.php HTTP/1.1" 200 414 "-" "Mozilla/5.0 (Windows NT 10.0; Win64; x64) AppleWebKit/537.36 (KHTML, like Gecko) Chrome/78.0.3904.108 Safari/537.36"
138.199.35.8 - - [18/Dec/2025:12:09:54 +0000] "POST //xmlrpc.php HTTP/1.1" 200 414 "-" "Mozilla/5.0 (Windows NT 10.0; Win64; x64) AppleWebKit/537.36 (KHTML, like Gecko) Chrome/78.0.3904.108 Safari/537.36"
138.199.35.8 - - [18/Dec/2025:12:09:57 +0000] "POST //xmlrpc.php HTTP/1.1" 403 414 "-" "Mozilla/5.0 (Windows NT 10.0; Win64; x64) AppleWebKit/537.36 (KHTML, like Gecko) Chrome/78.0.3904.108 Safari/537.36"
34.139.99.16 - - [18/Dec/2025:10:20:39 +0000] "GET / HTTP/1.1" 200 146585 "-" "Mozilla/5.0 (Windows NT 10.0; Win64; x64) AppleWebKit/537.36 (KHTML, like Gecko) Chrome/78.0.3904.108 Safari/537.36"
34.139.99.16 - - [18/Dec/2025:10:20:41 +0000] "GET //wp-includes/wlwmanifest.xml HTTP/1.1" 301 0 "-" "Mozilla/5.0 (Windows NT 10.0; Win64; x64) AppleWebKit/537.36 (KHTML, like Gecko) Chrome/78.0.3904.108 Safari/537.36"
34.139.99.16 - - [18/Dec/2025:10:20:42 +0000] "GET //xmlrpc.php?rsd HTTP/1.1" 200 810 "-" "Mozilla/5.0 (Windows NT 10.0; Win64; x64) AppleWebKit/537.36 (KHTML, like Gecko) Chrome/78.0.3904.108 Safari/537.36"
34.139.99.16 - - [18/Dec/2025:10:20:43 +0000] "GET //?author=1 HTTP/1.1" 301 0 "-" "Mozilla/5.0 (Windows NT 10.0; Win64; x64) AppleWebKit/537.36 (KHTML, like Gecko) Chrome/78.0.3904.108 Safari/537.36"
34.139.99.16 - - [18/Dec/2025:10:20:44 +0000] "GET //?author=2 HTTP/1.1" 301 0 "-" "Mozilla/5.0 (Windows NT 10.0; Win64; x64) AppleWebKit/537.36 (KHTML, like Gecko) Chrome/78.0.3904.108 Safari/537.36"
34.139.99.16 - - [18/Dec/2025:10:20:45 +0000] "GET //wp-json/wp/v2/users/ HTTP/1.1" 200 906 "-" "Mozilla/5.0 (Windows NT 10.0; Win64; x64) AppleWebKit/537.36 (KHTML, like Gecko) Chrome/78.0.3904.108 Safari/537.36"
34.139.99.16 - - [18/Dec/2025:10:20:45 +0000] "POST //xmlrpc.php HTTP/1.1" 200 414 "-" "Mozilla/5.0 (Windows NT 10.0; Win64; x64) AppleWebKit/537.36 (KHTML, like Gecko) Chrome/78.0.3904.108 Safari/537.36"
34.139.99.16 - - [18/Dec/2025:10:20:47 +0000] "POST //xmlrpc.php HTTP/1.1" 200 414 "-" "Mozilla/5.0 (Windows NT 10.0; Win64; x64) AppleWebKit/537.36 (KHTML, like Gecko) Chrome/78.0.3904.108 Safari/537.36"
34.139.99.16 - - [18/Dec/2025:10:20:48 +0000] "POST //xmlrpc.php HTTP/1.1" 200 414 "-" "Mozilla/5.0 (Windows NT 10.0; Win64; x64) AppleWebKit/537.36 (KHTML, like Gecko) Chrome/78.0.3904.108 Safari/537.36"
34.139.99.16 - - [18/Dec/2025:10:20:51 +0000] "POST //xmlrpc.php HTTP/1.1" 200 414 "-" "Mozilla/5.0 (Windows NT 10.0; Win64; x64) AppleWebKit/537.36 (KHTML, like Gecko) Chrome/78.0.3904.108 Safari/537.36"
34.139.99.16 - - [18/Dec/2025:10:20:52 +0000] "POST //xmlrpc.php HTTP/1.1" 403 414 "-" "Mozilla/5.0 (Windows NT 10.0; Win64; x64) AppleWebKit/537.36 (KHTML, like Gecko) Chrome/78.0.3904.108 Safari/537.36"
74.7.227.39 - - [18/Dec/2025:10:39:45 +0000] "GET / HTTP/2" 200 0 "-" "Mozilla/5.0 AppleWebKit/537.36 (KHTML, like Gecko; compatible; GPTBot/1.3; +https://openai.com/gptbot)"
170.10.164.108 - - [18/Dec/2025:10:42:24 +0000] "POST /wp-cron.php?doing_wp_cron=1766054544.3457241058349609375000 HTTP/1.1" 200 0 "-" "WordPress/6.9; https://brainware.com.co"
122.179.19.234 - - [18/Dec/2025:11:03:03 +0000] "POST /xmlrpc.php HTTP/1.1" 200 0 "-" "Mozilla/5.0 (Windows NT 10.0; x64) AppleWebKit/537.36 (KHTML, like Gecko) Safari/14.0.0.0 Safari/537.36"
20.253.155.235 - - [18/Dec/2025:11:40:45 +0000] "GET /wp-login.php HTTP/2" 200 0 "-" "Mozilla/5.0 (Windows NT 6.3; Win64; x64; Trident/7.0; Touch; MAARJS; rv:11.0) like Gecko"
51.77.210.200 - - [18/Dec/2025:12:36:47 +0000] "GET /wp-login.php HTTP/2" 200 4319 "-" "Mozilla/5.0 (Windows NT 6.3; WOW64; Trident/7.0; MASPJS; rv:11.0) like Gecko"
51.77.210.200 - - [18/Dec/2025:12:36:48 +0000] "POST /wp-login.php HTTP/2" 200 4431 "https://brainware.com.co/wp-login.php" "Mozilla/5.0 (Windows NT 6.3; WOW64; Trident/7.0; MASPJS; rv:11.0) like Gecko"
57.130.20.252 - - [18/Dec/2025:13:12:52 +0000] "GET /wp-login.php HTTP/2" 200 4319 "-" "Mozilla/5.0 (X11; Linux x86_64) AppleWebKit/537.36 (KHTML, like Gecko) Chrome/66.0.3359.181 Safari/537.36"
57.130.20.252 - - [18/Dec/2025:13:13:00 +0000] "POST /wp-login.php HTTP/2" 200 4431 "https://brainware.com.co/wp-login.php" "Mozilla/5.0 (X11; Linux x86_64) AppleWebKit/537.36 (KHTML, like Gecko) Chrome/66.0.3359.181 Safari/537.36"
170.10.164.108 - - [18/Dec/2025:13:12:56 +0000] "POST /wp-cron.php?doing_wp_cron=1766063576.1924569606781005859375 HTTP/1.1" 200 0 "-" "WordPress/6.9; https://brainware.com.co"
46.224.43.216 - - [18/Dec/2025:14:41:29 +0000] "GET /wp-login.php HTTP/2" 200 0 "-" "Mozilla/5.0 (Windows NT 10.0; WOW64; Trident/7.0; MAARJS; rv:11.0) like Gecko"
170.10.164.108 - - [18/Dec/2025:14:10:16 +0000] "POST /wp-cron.php?doing_wp_cron=1766067016.1346890926361083984375 HTTP/1.1" 200 0 "-" "WordPress/6.9; https://brainware.com.co"
46.224.43.216 - - [18/Dec/2025:14:40:59 +0000] "GET /wp-login.php HTTP/2" 200 0 "-" "Mozilla/5.0 (Windows NT 10.0; WOW64; Trident/7.0; MAARJS; rv:11.0) like Gecko"
217.182.237.51 - - [18/Dec/2025:15:45:55 +0000] "GET /wp-login.php HTTP/2" 200 4318 "-" "Mozilla/5.0 (Macintosh; Intel Mac OS X 10_12_6) AppleWebKit/537.36 (KHTML, like Gecko) Chrome/65.0.3325.181 Safari/537.36"
217.182.237.51 - - [18/Dec/2025:15:46:02 +0000] "POST /wp-login.php HTTP/2" 200 4430 "https://brainware.com.co/wp-login.php" "Mozilla/5.0 (Macintosh; Intel Mac OS X 10_12_6) AppleWebKit/537.36 (KHTML, like Gecko) Chrome/65.0.3325.181 Safari/537.36"
198.38.89.142 - - [18/Dec/2025:13:45:58 +0000] "GET /wp-login.php HTTP/2" 200 0 "-" "Mozilla/5.0 (Windows NT 6.3; WOW64; Trident/7.0; MATMJS; rv:11.0) like Gecko"
198.38.89.142 - - [18/Dec/2025:13:46:27 +0000] "GET /wp-login.php HTTP/2" 200 4319 "-" "Mozilla/5.0 (Windows NT 6.3; WOW64; Trident/7.0; MATMJS; rv:11.0) like Gecko"
198.38.89.142 - - [18/Dec/2025:13:46:32 +0000] "POST /wp-login.php HTTP/2" 200 4431 "https://brainware.com.co/wp-login.php" "Mozilla/5.0 (Windows NT 6.3; WOW64; Trident/7.0; MATMJS; rv:11.0) like Gecko"
57.130.20.252 - - [18/Dec/2025:14:08:49 +0000] "GET /wp-login.php HTTP/2" 200 0 "-" "Mozilla/5.0 (Windows NT 10.0; WOW64; Trident/7.0; ASJB; rv:11.0) like Gecko"
217.216.64.159 - - [18/Dec/2025:14:33:00 +0000] "GET /wp-login.php HTTP/2" 200 0 "-" "Mozilla/4.0 (compatible; MSIE 7.0; Windows NT 6.1; Trident/7.0; SLCC2; .NET CLR 2.0.50727; .NET CLR 3.5.30729; .NET CLR 3.0.30729; Media Center PC 6.0; .NET4.0C; .NET4.0E; Tablet PC 2.0)"
194.1.205.35 - - [18/Dec/2025:15:34:33 +0000] "GET /wp-login.php HTTP/2" 200 0 "-" "Mozilla/5.0 (Windows NT 10.0; rv:60.0) Gecko/20100101 Firefox/60.0"
20.52.225.35 - - [18/Dec/2025:15:38:18 +0000] "GET /wp-login.php HTTP/2" 200 0 "-" "Mozilla/5.0 (Macintosh; Intel Mac OS X 10_12_6) AppleWebKit/603.3.8 (KHTML, like Gecko) Version/10.1.2 Safari/603.3.8"
170.10.164.108 - - [18/Dec/2025:15:41:09 +0000] "POST /wp-cron.php?doing_wp_cron=1766072469.6897621154785156250000 HTTP/1.1" 200 0 "-" "WordPress/6.9; https://brainware.com.co"
92.205.55.71 - - [18/Dec/2025:16:01:48 +0000] "GET /wp-login.php HTTP/2" 200 0 "-" "Mozilla/5.0 (Macintosh; Intel Mac OS X 10_13_4) AppleWebKit/537.36 (KHTML, like Gecko) Chrome/67.0.3396.87 Safari/537.36"
170.10.164.108 - - [18/Dec/2025:16:09:08 +0000] "POST /wp-cron.php?doing_wp_cron=1766074148.9532339572906494140625 HTTP/1.1" 200 0 "-" "WordPress/6.9; https://brainware.com.co"
217.216.64.159 - - [18/Dec/2025:17:15:09 +0000] "GET /wp-login.php HTTP/2" 200 0 "-" "Mozilla/5.0 (Windows NT 6.1; WOW64; Trident/7.0; ASJB; ASJB; MAAU; rv:11.0) like Gecko"
170.10.164.108 - - [18/Dec/2025:17:39:47 +0000] "POST /wp-cron.php?doing_wp_cron=1766079582.9052278995513916015625 HTTP/1.1" 200 0 "-" "WordPress/6.9; https://brainware.com.co"
138.246.253.24 - - [18/Dec/2025:17:45:55 +0000] "GET /robots.txt HTTP/1.1" 200 67 "-" "Mozilla/5.0 (Windows NT 10.0; Win64; x64) AppleWebKit/537.36 (KHTML, like Gecko) Chrome/103.0.5060.134 Safari/537.36"
220.249.74.216 - - [18/Dec/2025:17:55:57 +0000] "GET /wp-login.php HTTP/2" 200 0 "-" "Mozilla/5.0 (Windows NT 6.1; WOW64; Trident/7.0; rv:11.0) like Gecko"
74.7.227.39 - - [18/Dec/2025:18:00:51 +0000] "GET / HTTP/2" 200 0 "-" "Mozilla/5.0 AppleWebKit/537.36 (KHTML, like Gecko; compatible; GPTBot/1.3; +https://openai.com/gptbot)"
170.10.164.108 - - [18/Dec/2025:18:01:34 +0000] "POST /wp-cron.php?doing_wp_cron=1766080894.8966789245605468750000 HTTP/1.1" 200 0 "-" "WordPress/6.9; https://brainware.com.co"
3.109.246.212 - - [18/Dec/2025:18:06:09 +0000] "GET /wp-login.php HTTP/2" 200 0 "-" "Mozilla/5.0 (Macintosh; Intel Mac OS X 10_12_6) AppleWebKit/605.1.15 (KHTML, like Gecko) Version/11.1.2 Safari/605.1.15"
149.57.180.34 - - [18/Dec/2025:17:11:22 +0000] "GET / HTTP/1.1" 200 0 "-" "Mozilla/5.0 (X11; Linux i686; rv:109.0) Gecko/20100101 Firefox/120.0"
206.189.221.135 - - [18/Dec/2025:17:13:41 +0000] "POST / HTTP/1.1" 200 0 "-" "Mozilla/5.0 (Windows NT 10.0; Win64; x64) AppleWebKit/537.36 (KHTML, like Gecko) Chrome/60.0.3112.113 Safari/537.36 Assetnote/1.0.0"
206.189.221.135 - - [18/Dec/2025:17:13:41 +0000] "POST / HTTP/1.1" 200 0 "-" "Mozilla/5.0 (Windows NT 10.0; Win64; x64) AppleWebKit/537.36 (KHTML, like Gecko) Chrome/60.0.3112.113 Safari/537.36 Assetnote/1.0.0"
23.27.145.128 - - [18/Dec/2025:17:59:34 +0000] "GET / HTTP/1.1" 200 0 "-" "Mozilla/5.0 (X11; Linux i686; rv:109.0) Gecko/20100101 Firefox/120.0"
82.221.129.44 - - [18/Dec/2025:18:57:47 +0000] "GET /wp-login.php HTTP/2" 200 0 "-" "Mozilla/5.0 (Windows NT 6.3; Win64; x64; Trident/7.0; LCJB; rv:11.0) like Gecko"
170.10.164.108 - - [18/Dec/2025:18:59:44 +0000] "POST /wp-cron.php?doing_wp_cron=1766084384.5628130435943603515625 HTTP/1.1" 200 0 "-" "WordPress/6.9; https://brainware.com.co"
217.131.14.2 - - [18/Dec/2025:17:00:39 +0000] "GET /wp-login.php HTTP/2" 200 0 "-" "Mozilla/5.0 (Macintosh; Intel Mac OS X 10_11_6) AppleWebKit/537.36 (KHTML, like Gecko) Chrome/65.0.3325.181 Safari/537.36"
66.240.223.230 - - [18/Dec/2025:17:07:48 +0000] "GET /wp-login.php HTTP/2" 200 0 "-" "Mozilla/5.0 (Windows NT 10.0; Win64; x64) AppleWebKit/537.36 (KHTML, like Gecko) Chrome/65.0.3325.181 Safari/537.36 OPR/52.0.2871.40"
170.10.164.108 - - [18/Dec/2025:17:31:44 +0000] "POST /wp-cron.php?doing_wp_cron=1766079068.3076710700988769531250 HTTP/1.1" 200 0 "-" "WordPress/6.9; https://brainware.com.co"
92.204.55.244 - - [18/Dec/2025:19:02:14 +0000] "GET /wp-login.php HTTP/2" 200 4319 "-" "Mozilla/5.0 (Windows NT 6.3; WOW64; Trident/7.0; ASU2JS; rv:11.0) like Gecko"
92.204.55.244 - - [18/Dec/2025:19:02:22 +0000] "POST /wp-login.php HTTP/2" 200 4431 "https://brainware.com.co/wp-login.php" "Mozilla/5.0 (Windows NT 6.3; WOW64; Trident/7.0; ASU2JS; rv:11.0) like Gecko"
170.10.164.108 - - [18/Dec/2025:20:23:16 +0000] "POST /wp-cron.php?doing_wp_cron=1766089395.9542989730834960937500 HTTP/1.1" 200 0 "-" "WordPress/6.9; https://brainware.com.co"
194.163.190.70 - - [18/Dec/2025:19:20:36 +0000] "GET /wp-login.php HTTP/2" 200 0 "-" "Mozilla/5.0 (compatible; MSIE 9.0; Windows NT 10.0; WOW64; Trident/7.0)"
20.253.155.235 - - [18/Dec/2025:19:45:33 +0000] "GET /wp-login.php HTTP/2" 200 0 "-" "Mozilla/5.0 (X11; CrOS x86_64 10452.96.0) AppleWebKit/537.36 (KHTML, like Gecko) Chrome/66.0.3359.181 Safari/537.36"
81.88.49.4 - - [18/Dec/2025:20:21:32 +0000] "GET /wp-login.php HTTP/2" 200 0 "-" "Mozilla/4.0 (compatible; MSIE 7.0; Windows NT 6.1; WOW64; Trident/7.0; SLCC2; .NET CLR 2.0.50727; .NET CLR 3.5.30729; .NET CLR 3.0.30729; .NET4.0C; .NET4.0E; Media Center PC 6.0)"
194.233.88.148 - - [18/Dec/2025:20:40:17 +0000] "GET /wp-login.php HTTP/2" 200 4319 "-" "Mozilla/5.0 (Macintosh; Intel Mac OS X 10_13_1) AppleWebKit/537.36 (KHTML, like Gecko) Chrome/66.0.3359.181 Safari/537.36"
194.233.88.148 - - [18/Dec/2025:20:40:41 +0000] "POST /wp-login.php HTTP/2" 200 4431 "https://brainware.com.co/wp-login.php" "Mozilla/5.0 (Macintosh; Intel Mac OS X 10_13_1) AppleWebKit/537.36 (KHTML, like Gecko) Chrome/66.0.3359.181 Safari/537.36"
159.89.108.157 - - [18/Dec/2025:20:18:50 +0000] "POST / HTTP/1.1" 200 0 "-" "Python/3.14 aiohttp/3.13.2"
204.76.203.25 - - [18/Dec/2025:21:14:31 +0000] "GET /.env HTTP/1.1" 404 114496 "-" "Mozilla/5.0 (Windows NT 10.0; Win64; x64) AppleWebKit/537.36 (KHTML, like Gecko) Chrome/134.0.0.0 Safari/537.3"
162.19.69.214 - - [18/Dec/2025:21:28:23 +0000] "GET /wp-login.php HTTP/2" 200 4319 "-" "Mozilla/5.0 (Windows NT 10.0; WOW64; Trident/7.0; MAGWJS; rv:11.0) like Gecko"
162.19.69.214 - - [18/Dec/2025:21:28:26 +0000] "POST /wp-login.php HTTP/2" 200 4431 "https://brainware.com.co/wp-login.php" "Mozilla/5.0 (Windows NT 10.0; WOW64; Trident/7.0; MAGWJS; rv:11.0) like Gecko"
170.10.164.108 - - [18/Dec/2025:21:00:43 +0000] "POST /wp-cron.php?doing_wp_cron=1766091643.6506600379943847656250 HTTP/1.1" 200 0 "-" "WordPress/6.9; https://brainware.com.co"
103.216.119.243 - - [18/Dec/2025:21:24:02 +0000] "GET /wp-login.php HTTP/2" 200 4319 "-" "Mozilla/5.0 (Macintosh; Intel Mac OS X 10_12_6) AppleWebKit/537.36 (KHTML, like Gecko) Chrome/65.0.3325.181 Safari/537.36"
103.216.119.243 - - [18/Dec/2025:21:24:07 +0000] "POST /wp-login.php HTTP/2" 200 4431 "https://brainware.com.co/wp-login.php" "Mozilla/5.0 (Macintosh; Intel Mac OS X 10_12_6) AppleWebKit/537.36 (KHTML, like Gecko) Chrome/65.0.3325.181 Safari/537.36"
2a06:98c0:3600::103 - - [18/Dec/2025:21:39:58 +0000] "GET /wp-admin/setup-config.php HTTP/2" 409 1041 "-" "https://brainware.com.co/wp-admin/setup-config.php"
172.191.197.110 - - [18/Dec/2025:22:00:59 +0000] "GET /wp-login.php HTTP/2" 200 4319 "-" "Mozilla/5.0 (Windows NT 6.1; Win64; x64) AppleWebKit/537.36 (KHTML, like Gecko) Chrome/66.0.3359.170 Safari/537.36"
172.191.197.110 - - [18/Dec/2025:22:01:03 +0000] "POST /wp-login.php HTTP/2" 200 4431 "https://brainware.com.co/wp-login.php" "Mozilla/5.0 (Windows NT 6.1; Win64; x64) AppleWebKit/537.36 (KHTML, like Gecko) Chrome/66.0.3359.170 Safari/537.36"
209.38.84.141 - - [18/Dec/2025:20:58:56 +0000] "HEAD / HTTP/1.1" 200 0 "-" "Mozilla/5.0 (Windows NT 10.0; Win64; x64) AppleWebKit/537.36 (KHTML, like Gecko) Chrome/125.0.0.0 Safari/537.36"
109.176.207.108 - - [18/Dec/2025:21:11:22 +0000] "GET /wp-login.php HTTP/2" 200 0 "-" "Mozilla/5.0 (Windows NT 10.0; Win64; x64; Trident/7.0; rv:11.0) like Gecko"
204.76.203.25 - - [18/Dec/2025:21:14:00 +0000] "GET /.env HTTP/1.1" 200 0 "-" "Mozilla/5.0 (Windows NT 10.0; Win64; x64) AppleWebKit/537.36 (KHTML, like Gecko) Chrome/134.0.0.0 Safari/537.3"
2a06:98c0:3600::103 - - [18/Dec/2025:21:41:28 +0000] "GET /wordpress/wp-admin/setup-config.php HTTP/2" 404 31790 "-" "https://brainware.com.co/wordpress/wp-admin/setup-config.php"
170.10.164.108 - - [18/Dec/2025:22:01:03 +0000] "POST /wp-cron.php?doing_wp_cron=1766095263.6181750297546386718750 HTTP/1.1" 200 0 "-" "WordPress/6.9; https://brainware.com.co"
74.7.241.147 - - [18/Dec/2025:22:31:47 +0000] "GET /robots.txt HTTP/2" 401 53 "-" "Mozilla/5.0 (Macintosh; Intel Mac OS X 10_15_7) AppleWebKit/537.36 (KHTML, like Gecko) Chrome/131.0.0.0 Safari/537.36; compatible; OAI-SearchBot/1.3; robots.txt; +https://openai.com/searchbot"
74.7.175.180 - - [18/Dec/2025:22:31:47 +0000] "GET /robots.txt HTTP/2" 400 52 "-" "Mozilla/5.0 (Macintosh; Intel Mac OS X 10_15_7) AppleWebKit/537.36 (KHTML, like Gecko) Chrome/131.0.0.0 Safari/537.36; compatible; OAI-SearchBot/1.3; robots.txt; +https://openai.com/searchbot"
74.7.241.131 - - [18/Dec/2025:22:31:47 +0000] "GET /robots.txt HTTP/2" 200 61 "-" "Mozilla/5.0 (Macintosh; Intel Mac OS X 10_15_7) AppleWebKit/537.36 (KHTML, like Gecko) Chrome/131.0.0.0 Safari/537.36; compatible; OAI-SearchBot/1.3; robots.txt; +https://openai.com/searchbot"
74.7.241.167 - - [18/Dec/2025:22:31:51 +0000] "GET /robots.txt HTTP/2" 200 61 "https://www.brainware.com.co/robots.txt" "Mozilla/5.0 (Macintosh; Intel Mac OS X 10_15_7) AppleWebKit/537.36 (KHTML, like Gecko) Chrome/131.0.0.0 Safari/537.36; compatible; OAI-SearchBot/1.3; robots.txt; +https://openai.com/searchbot"
74.7.227.21 - - [18/Dec/2025:22:31:53 +0000] "GET / HTTP/2" 401 53 "-" "Mozilla/5.0 AppleWebKit/537.36 (KHTML, like Gecko; compatible; GPTBot/1.3; +https://openai.com/gptbot)"
74.7.227.162 - - [18/Dec/2025:22:31:52 +0000] "GET / HTTP/2" 301 0 "-" "Mozilla/5.0 AppleWebKit/537.36 (KHTML, like Gecko; compatible; GPTBot/1.3; +https://openai.com/gptbot)"
74.7.227.162 - - [18/Dec/2025:22:31:55 +0000] "GET /sitemap.xml HTTP/2" 301 0 "-" "Mozilla/5.0 AppleWebKit/537.36 (KHTML, like Gecko; compatible; GPTBot/1.3; +https://openai.com/gptbot)"
74.7.227.45 - - [18/Dec/2025:22:31:58 +0000] "GET /embed/ HTTP/2" 301 0 "-" "Mozilla/5.0 AppleWebKit/537.36 (KHTML, like Gecko; compatible; GPTBot/1.3; +https://openai.com/gptbot)"
74.7.227.45 - - [18/Dec/2025:22:32:00 +0000] "GET / HTTP/2" 200 36811 "-" "Mozilla/5.0 AppleWebKit/537.36 (KHTML, like Gecko; compatible; GPTBot/1.3; +https://openai.com/gptbot)"
74.7.227.162 - - [18/Dec/2025:22:32:01 +0000] "GET /Public/home/js/check.js HTTP/2" 301 0 "-" "Mozilla/5.0 AppleWebKit/537.36 (KHTML, like Gecko; compatible; GPTBot/1.3; +https://openai.com/gptbot)"
74.7.227.45 - - [18/Dec/2025:22:32:03 +0000] "GET /wp-content/plugins/elementor/assets/lib/font-awesome/css/solid.min.css HTTP/2" 200 286 "-" "Mozilla/5.0 AppleWebKit/537.36 (KHTML, like Gecko; compatible; GPTBot/1.3; +https://openai.com/gptbot)"
74.7.227.162 - - [18/Dec/2025:22:32:03 +0000] "GET /static/admin/javascript/hetong.js HTTP/2" 301 0 "-" "Mozilla/5.0 AppleWebKit/537.36 (KHTML, like Gecko; compatible; GPTBot/1.3; +https://openai.com/gptbot)"
74.7.227.45 - - [18/Dec/2025:22:32:09 +0000] "GET /wp-login.php HTTP/2" 200 4319 "-" "Mozilla/5.0 AppleWebKit/537.36 (KHTML, like Gecko; compatible; GPTBot/1.3; +https://openai.com/gptbot)"
74.7.227.45 - - [18/Dec/2025:22:32:12 +0000] "GET /wp-content/plugins/wpbookit/README.txt HTTP/2" 404 31790 "-" "Mozilla/5.0 AppleWebKit/537.36 (KHTML, like Gecko; compatible; GPTBot/1.3; +https://openai.com/gptbot)"
74.7.227.45 - - [18/Dec/2025:22:32:15 +0000] "GET / HTTP/2" 200 36811 "-" "Mozilla/5.0 AppleWebKit/537.36 (KHTML, like Gecko; compatible; GPTBot/1.3; +https://openai.com/gptbot)"
74.7.227.45 - - [18/Dec/2025:22:32:23 +0000] "GET /xmlrpc.php HTTP/2" 405 46 "-" "Mozilla/5.0 AppleWebKit/537.36 (KHTML, like Gecko; compatible; GPTBot/1.3; +https://openai.com/gptbot)"
74.7.227.45 - - [18/Dec/2025:22:32:30 +0000] "GET /boost/ HTTP/2" 301 0 "-" "Mozilla/5.0 AppleWebKit/537.36 (KHTML, like Gecko; compatible; GPTBot/1.3; +https://openai.com/gptbot)"
74.7.227.45 - - [18/Dec/2025:22:32:31 +0000] "GET / HTTP/2" 200 36811 "-" "Mozilla/5.0 AppleWebKit/537.36 (KHTML, like Gecko; compatible; GPTBot/1.3; +https://openai.com/gptbot)"
74.7.227.45 - - [18/Dec/2025:22:32:40 +0000] "GET /wp-comments-post.php HTTP/2" 405 0 "-" "Mozilla/5.0 AppleWebKit/537.36 (KHTML, like Gecko; compatible; GPTBot/1.3; +https://openai.com/gptbot)"
74.7.227.45 - - [18/Dec/2025:22:32:48 +0000] "GET /wp-content/plugins/loginizer/assets/images/social/GitHub.png HTTP/2" 200 2529 "-" "Mozilla/5.0 AppleWebKit/537.36 (KHTML, like Gecko; compatible; GPTBot/1.3; +https://openai.com/gptbot)"
74.7.227.45 - - [18/Dec/2025:22:32:51 +0000] "GET /wp-content/plugins/elementor/assets/lib/font-awesome/webfonts/fa-solid-900.woff HTTP/2" 200 101652 "-" "Mozilla/5.0 AppleWebKit/537.36 (KHTML, like Gecko; compatible; GPTBot/1.3; +https://openai.com/gptbot)"
74.7.227.45 - - [18/Dec/2025:22:32:55 +0000] "GET /wp-login.php HTTP/2" 200 4319 "-" "Mozilla/5.0 AppleWebKit/537.36 (KHTML, like Gecko; compatible; GPTBot/1.3; +https://openai.com/gptbot)"
74.7.227.45 - - [18/Dec/2025:22:32:56 +0000] "GET /wp-content/plugins/elementor/assets/lib/font-awesome/webfonts/fa-solid-900.ttf HTTP/2" 200 99067 "-" "Mozilla/5.0 AppleWebKit/537.36 (KHTML, like Gecko; compatible; GPTBot/1.3; +https://openai.com/gptbot)"
74.7.227.45 - - [18/Dec/2025:22:32:57 +0000] "GET /wp-content/plugins/elementor/assets/lib/font-awesome/webfonts/fa-solid-900.svg HTTP/2" 200 246159 "-" "Mozilla/5.0 AppleWebKit/537.36 (KHTML, like Gecko; compatible; GPTBot/1.3; +https://openai.com/gptbot)"
74.7.227.45 - - [18/Dec/2025:22:32:57 +0000] "GET /wp-content/plugins/elementor/assets/lib/font-awesome/webfonts/fa-solid-900.eot HTTP/2" 200 99053 "-" "Mozilla/5.0 AppleWebKit/537.36 (KHTML, like Gecko; compatible; GPTBot/1.3; +https://openai.com/gptbot)"
74.7.227.45 - - [18/Dec/2025:22:32:58 +0000] "GET /?p=1 HTTP/2" 301 0 "-" "Mozilla/5.0 AppleWebKit/537.36 (KHTML, like Gecko; compatible; GPTBot/1.3; +https://openai.com/gptbot)"
74.7.227.45 - - [18/Dec/2025:22:32:59 +0000] "GET /2025/08/21/hello-world/ HTTP/2" 200 36796 "-" "Mozilla/5.0 AppleWebKit/537.36 (KHTML, like Gecko; compatible; GPTBot/1.3; +https://openai.com/gptbot)"
74.7.227.45 - - [18/Dec/2025:22:33:02 +0000] "GET /sitemap.xml HTTP/2" 301 0 "-" "Mozilla/5.0 AppleWebKit/537.36 (KHTML, like Gecko; compatible; GPTBot/1.3; +https://openai.com/gptbot)"
74.7.227.45 - - [18/Dec/2025:22:33:03 +0000] "GET /sitemaps.xml HTTP/2" 200 189 "-" "Mozilla/5.0 AppleWebKit/537.36 (KHTML, like Gecko; compatible; GPTBot/1.3; +https://openai.com/gptbot)"
74.7.227.45 - - [18/Dec/2025:22:33:04 +0000] "GET /sitemaps.xml HTTP/2" 200 189 "-" "Mozilla/5.0 AppleWebKit/537.36 (KHTML, like Gecko; compatible; GPTBot/1.3; +https://openai.com/gptbot)"
74.7.227.45 - - [18/Dec/2025:22:33:06 +0000] "GET /wp-content/plugins/loginizer/assets/images/social/Google.png HTTP/2" 200 2570 "-" "Mozilla/5.0 AppleWebKit/537.36 (KHTML, like Gecko; compatible; GPTBot/1.3; +https://openai.com/gptbot)"
74.7.227.45 - - [18/Dec/2025:22:33:07 +0000] "GET /wp-content/plugins/loginizer/assets/images/social/Twitter.png HTTP/2" 200 3088 "-" "Mozilla/5.0 AppleWebKit/537.36 (KHTML, like Gecko; compatible; GPTBot/1.3; +https://openai.com/gptbot)"
74.7.227.45 - - [18/Dec/2025:22:33:08 +0000] "GET /wp-login.php HTTP/2" 200 4319 "-" "Mozilla/5.0 AppleWebKit/537.36 (KHTML, like Gecko; compatible; GPTBot/1.3; +https://openai.com/gptbot)"
74.7.227.45 - - [18/Dec/2025:22:33:20 +0000] "GET /wp-content/plugins/flex-qr-code-generator/readme.txt HTTP/2" 404 31790 "-" "Mozilla/5.0 AppleWebKit/537.36 (KHTML, like Gecko; compatible; GPTBot/1.3; +https://openai.com/gptbot)"
74.7.227.45 - - [18/Dec/2025:22:33:28 +0000] "GET /static/admin/javascript/hetong.js HTTP/2" 404 31790 "-" "Mozilla/5.0 AppleWebKit/537.36 (KHTML, like Gecko; compatible; GPTBot/1.3; +https://openai.com/gptbot)"
74.7.227.45 - - [18/Dec/2025:22:33:30 +0000] "GET /wp-content/plugins/elementor/assets/lib/font-awesome/webfonts/fa-solid-900.woff2 HTTP/2" 200 78196 "-" "Mozilla/5.0 AppleWebKit/537.36 (KHTML, like Gecko; compatible; GPTBot/1.3; +https://openai.com/gptbot)"
74.7.227.45 - - [18/Dec/2025:22:33:33 +0000] "GET /wp-content/plugins/loginizer/assets/images/social/LinkedInOpenID.png HTTP/2" 200 1012 "-" "Mozilla/5.0 AppleWebKit/537.36 (KHTML, like Gecko; compatible; GPTBot/1.3; +https://openai.com/gptbot)"
74.7.227.45 - - [18/Dec/2025:22:33:35 +0000] "GET /Public/home/js/check.js HTTP/2" 404 31789 "-" "Mozilla/5.0 AppleWebKit/537.36 (KHTML, like Gecko; compatible; GPTBot/1.3; +https://openai.com/gptbot)"
74.7.227.45 - - [18/Dec/2025:22:33:41 +0000] "GET /wp-includes/js/zxcvbn.min.js HTTP/2" 200 389493 "-" "Mozilla/5.0 AppleWebKit/537.36 (KHTML, like Gecko; compatible; GPTBot/1.3; +https://openai.com/gptbot)"
74.7.227.45 - - [18/Dec/2025:22:33:46 +0000] "GET /wp-includes/js/wp-util.min.js?ver=6.9 HTTP/2" 200 690 "-" "Mozilla/5.0 AppleWebKit/537.36 (KHTML, like Gecko; compatible; GPTBot/1.3; +https://openai.com/gptbot)"
74.7.227.45 - - [18/Dec/2025:22:33:48 +0000] "GET /wp-includes/js/underscore.min.js?ver=1.13.7 HTTP/2" 200 7185 "-" "Mozilla/5.0 AppleWebKit/537.36 (KHTML, like Gecko; compatible; GPTBot/1.3; +https://openai.com/gptbot)"
74.7.227.45 - - [18/Dec/2025:22:33:48 +0000] "GET /wp-includes/js/dist/dom-ready.min.js?ver=f77871ff7694fffea381 HTTP/2" 200 275 "-" "Mozilla/5.0 AppleWebKit/537.36 (KHTML, like Gecko; compatible; GPTBot/1.3; +https://openai.com/gptbot)"
74.7.227.45 - - [18/Dec/2025:22:33:49 +0000] "GET /wp-includes/js/clipboard.min.js?ver=2.0.11 HTTP/2" 200 2989 "-" "Mozilla/5.0 AppleWebKit/537.36 (KHTML, like Gecko; compatible; GPTBot/1.3; +https://openai.com/gptbot)"
74.7.227.45 - - [18/Dec/2025:22:33:50 +0000] "GET /wp-includes/js/zxcvbn-async.min.js?ver=1.0 HTTP/2" 200 187 "-" "Mozilla/5.0 AppleWebKit/537.36 (KHTML, like Gecko; compatible; GPTBot/1.3; +https://openai.com/gptbot)"
74.7.227.45 - - [18/Dec/2025:22:33:52 +0000] "GET /wp-includes/js/dist/a11y.min.js?ver=cb460b4676c94bd228ed HTTP/2" 200 794 "-" "Mozilla/5.0 AppleWebKit/537.36 (KHTML, like Gecko; compatible; GPTBot/1.3; +https://openai.com/gptbot)"
74.7.227.45 - - [18/Dec/2025:22:33:56 +0000] "GET /wp-includes/js/tinymce/skins/lightgray/skin.min.css HTTP/2" 200 8110 "-" "Mozilla/5.0 AppleWebKit/537.36 (KHTML, like Gecko; compatible; GPTBot/1.3; +https://openai.com/gptbot)"
74.7.227.45 - - [18/Dec/2025:22:34:02 +0000] "GET /wp-login.php?action=lostpassword HTTP/2" 200 1161 "-" "Mozilla/5.0 AppleWebKit/537.36 (KHTML, like Gecko; compatible; GPTBot/1.3; +https://openai.com/gptbot)"
74.7.227.45 - - [18/Dec/2025:22:34:03 +0000] "GET /wp-includes/js/tinymce/skins/lightgray/fonts/tinymce.woff HTTP/2" 200 18824 "-" "Mozilla/5.0 AppleWebKit/537.36 (KHTML, like Gecko; compatible; GPTBot/1.3; +https://openai.com/gptbot)"
74.7.227.45 - - [18/Dec/2025:22:34:03 +0000] "GET /wp-includes/js/tinymce/skins/lightgray/img/loader.gif HTTP/2" 200 2608 "-" "Mozilla/5.0 AppleWebKit/537.36 (KHTML, like Gecko; compatible; GPTBot/1.3; +https://openai.com/gptbot)"
74.7.227.45 - - [18/Dec/2025:22:34:04 +0000] "GET /wp-includes/js/tinymce/skins/lightgray/fonts/tinymce-small.svg HTTP/2" 200 7406 "-" "Mozilla/5.0 AppleWebKit/537.36 (KHTML, like Gecko; compatible; GPTBot/1.3; +https://openai.com/gptbot)"
74.7.227.45 - - [18/Dec/2025:22:34:04 +0000] "GET /wp-includes/js/tinymce/skins/lightgray/fonts/tinymce-small.eot HTTP/2" 200 4924 "-" "Mozilla/5.0 AppleWebKit/537.36 (KHTML, like Gecko; compatible; GPTBot/1.3; +https://openai.com/gptbot)"
74.7.227.45 - - [18/Dec/2025:22:34:06 +0000] "GET / HTTP/2" 200 36811 "-" "Mozilla/5.0 AppleWebKit/537.36 (KHTML, like Gecko; compatible; GPTBot/1.3; +https://openai.com/gptbot)"
74.7.227.45 - - [18/Dec/2025:22:34:08 +0000] "GET /wp-includes/js/tinymce/skins/lightgray/fonts/tinymce-small.woff HTTP/2" 200 9380 "-" "Mozilla/5.0 AppleWebKit/537.36 (KHTML, like Gecko; compatible; GPTBot/1.3; +https://openai.com/gptbot)"
74.7.227.45 - - [18/Dec/2025:22:34:09 +0000] "GET /wp-includes/js/tinymce/skins/lightgray/fonts/tinymce-small.ttf HTTP/2" 200 4864 "-" "Mozilla/5.0 AppleWebKit/537.36 (KHTML, like Gecko; compatible; GPTBot/1.3; +https://openai.com/gptbot)"
74.7.227.45 - - [18/Dec/2025:22:34:09 +0000] "GET /wp-includes/js/tinymce/skins/lightgray/fonts/tinymce.svg HTTP/2" 200 13296 "-" "Mozilla/5.0 AppleWebKit/537.36 (KHTML, like Gecko; compatible; GPTBot/1.3; +https://openai.com/gptbot)"
74.7.227.45 - - [18/Dec/2025:22:34:10 +0000] "GET /wp-includes/js/tinymce/skins/lightgray/fonts/tinymce.eot HTTP/2" 200 9353 "-" "Mozilla/5.0 AppleWebKit/537.36 (KHTML, like Gecko; compatible; GPTBot/1.3; +https://openai.com/gptbot)"
74.7.227.45 - - [18/Dec/2025:22:34:10 +0000] "GET /wp-includes/js/tinymce/skins/lightgray/fonts/tinymce.ttf HTTP/2" 200 9304 "-" "Mozilla/5.0 AppleWebKit/537.36 (KHTML, like Gecko; compatible; GPTBot/1.3; +https://openai.com/gptbot)"
74.7.227.45 - - [18/Dec/2025:22:34:11 +0000] "GET /wp-content/uploads/elementor/css/post-67.css HTTP/2" 200 3553 "-" "Mozilla/5.0 AppleWebKit/537.36 (KHTML, like Gecko; compatible; GPTBot/1.3; +https://openai.com/gptbot)"
74.7.227.45 - - [18/Dec/2025:22:34:13 +0000] "GET /wp-includes/css/media-views.min.css HTTP/2" 200 8273 "-" "Mozilla/5.0 AppleWebKit/537.36 (KHTML, like Gecko; compatible; GPTBot/1.3; +https://openai.com/gptbot)"
74.7.227.45 - - [18/Dec/2025:22:34:15 +0000] "GET /wp-content/plugins/pro-elements/assets/lib/sticky/jquery.sticky.min.js?ver=3.29.0 HTTP/2" 200 1442 "-" "Mozilla/5.0 AppleWebKit/537.36 (KHTML, like Gecko; compatible; GPTBot/1.3; +https://openai.com/gptbot)"
74.7.227.45 - - [18/Dec/2025:22:34:15 +0000] "GET /wp-content/plugins/elementskit-lite/widgets/init/assets/css/editor.css HTTP/2" 200 1613 "-" "Mozilla/5.0 AppleWebKit/537.36 (KHTML, like Gecko; compatible; GPTBot/1.3; +https://openai.com/gptbot)"
74.7.227.45 - - [18/Dec/2025:22:34:16 +0000] "GET /wp-content/plugins/elementor/assets/lib/eicons/css/elementor-icons.min.css HTTP/2" 200 3989 "-" "Mozilla/5.0 AppleWebKit/537.36 (KHTML, like Gecko; compatible; GPTBot/1.3; +https://openai.com/gptbot)"
74.7.227.45 - - [18/Dec/2025:22:34:16 +0000] "GET /wp-content/themes/alone/style.css HTTP/2" 404 31790 "-" "Mozilla/5.0 AppleWebKit/537.36 (KHTML, like Gecko; compatible; GPTBot/1.3; +https://openai.com/gptbot)"
74.7.227.45 - - [18/Dec/2025:22:34:17 +0000] "GET /wp-content/uploads/elementor/google-fonts/css/inter.css HTTP/2" 200 900 "-" "Mozilla/5.0 AppleWebKit/537.36 (KHTML, like Gecko; compatible; GPTBot/1.3; +https://openai.com/gptbot)"
74.7.227.45 - - [18/Dec/2025:22:34:18 +0000] "GET /wp-content/uploads/elementor/google-fonts/css/outfit.css HTTP/2" 200 388 "-" "Mozilla/5.0 AppleWebKit/537.36 (KHTML, like Gecko; compatible; GPTBot/1.3; +https://openai.com/gptbot)"
74.7.227.45 - - [18/Dec/2025:22:34:19 +0000] "GET /wp-includes/images/uploader-icons-2x.png HTTP/2" 200 3542 "-" "Mozilla/5.0 AppleWebKit/537.36 (KHTML, like Gecko; compatible; GPTBot/1.3; +https://openai.com/gptbot)"
74.7.227.45 - - [18/Dec/2025:22:34:19 +0000] "GET /wp-includes/images/uploader-icons.png HTTP/2" 200 1556 "-" "Mozilla/5.0 AppleWebKit/537.36 (KHTML, like Gecko; compatible; GPTBot/1.3; +https://openai.com/gptbot)"
74.7.227.45 - - [18/Dec/2025:22:34:23 +0000] "GET /wp-includes/images/spinner.gif HTTP/2" 200 3656 "-" "Mozilla/5.0 AppleWebKit/537.36 (KHTML, like Gecko; compatible; GPTBot/1.3; +https://openai.com/gptbot)"
74.7.227.45 - - [18/Dec/2025:22:34:23 +0000] "GET /wp-includes/images/spinner-2x.gif HTTP/2" 200 7536 "-" "Mozilla/5.0 AppleWebKit/537.36 (KHTML, like Gecko; compatible; GPTBot/1.3; +https://openai.com/gptbot)"
74.7.227.45 - - [18/Dec/2025:22:34:24 +0000] "GET /wp-content/plugins/elementskit-lite/widgets/init/assets/fonts/elementskit.woff?fuwixw HTTP/2" 200 459560 "-" "Mozilla/5.0 AppleWebKit/537.36 (KHTML, like Gecko; compatible; GPTBot/1.3; +https://openai.com/gptbot)"
74.7.227.45 - - [18/Dec/2025:22:34:24 +0000] "GET /wp-content/plugins/elementor/assets/lib/eicons/fonts/eicons.woff2?5.43.0 HTTP/2" 200 103208 "-" "Mozilla/5.0 AppleWebKit/537.36 (KHTML, like Gecko; compatible; GPTBot/1.3; +https://openai.com/gptbot)"
74.7.227.45 - - [18/Dec/2025:22:34:25 +0000] "GET /wp-content/plugins/elementor/assets/lib/eicons/fonts/eicons.woff?5.43.0 HTTP/2" 200 126860 "-" "Mozilla/5.0 AppleWebKit/537.36 (KHTML, like Gecko; compatible; GPTBot/1.3; +https://openai.com/gptbot)"
74.7.227.45 - - [18/Dec/2025:22:34:25 +0000] "GET /wp-content/plugins/elementor/assets/lib/eicons/fonts/eicons.ttf?5.43.0 HTTP/2" 200 123500 "-" "Mozilla/5.0 AppleWebKit/537.36 (KHTML, like Gecko; compatible; GPTBot/1.3; +https://openai.com/gptbot)"
74.7.227.45 - - [18/Dec/2025:22:34:26 +0000] "GET /wp-content/plugins/elementor/assets/lib/eicons/fonts/eicons.eot?5.43.0 HTTP/2" 200 123474 "-" "Mozilla/5.0 AppleWebKit/537.36 (KHTML, like Gecko; compatible; GPTBot/1.3; +https://openai.com/gptbot)"
74.7.227.45 - - [18/Dec/2025:22:34:26 +0000] "GET /wp-content/plugins/elementor/assets/lib/eicons/fonts/eicons.svg?5.43.0 HTTP/2" 200 101105 "-" "Mozilla/5.0 AppleWebKit/537.36 (KHTML, like Gecko; compatible; GPTBot/1.3; +https://openai.com/gptbot)"
74.7.227.45 - - [18/Dec/2025:22:34:27 +0000] "GET /wp-content/plugins/pro-elements/assets/lib/smartmenus/jquery.smartmenus.min.js?ver=1.2.1 HTTP/2" 200 6867 "-" "Mozilla/5.0 AppleWebKit/537.36 (KHTML, like Gecko; compatible; GPTBot/1.3; +https://openai.com/gptbot)"
74.7.227.45 - - [18/Dec/2025:22:34:27 +0000] "GET /wp-content/plugins/elementor/assets/lib/font-awesome/css/brands.min.css HTTP/2" 200 284 "-" "Mozilla/5.0 AppleWebKit/537.36 (KHTML, like Gecko; compatible; GPTBot/1.3; +https://openai.com/gptbot)"
74.7.227.45 - - [18/Dec/2025:22:34:28 +0000] "GET /wp-content/plugins/elementor/assets/lib/font-awesome/css/regular.min.css HTTP/2" 200 283 "-" "Mozilla/5.0 AppleWebKit/537.36 (KHTML, like Gecko; compatible; GPTBot/1.3; +https://openai.com/gptbot)"
74.7.227.45 - - [18/Dec/2025:22:34:28 +0000] "GET /wp-content/plugins/skyboot-custom-icons-for-elementor/assets/css/linearicons.css HTTP/2" 200 1505 "-" "Mozilla/5.0 AppleWebKit/537.36 (KHTML, like Gecko; compatible; GPTBot/1.3; +https://openai.com/gptbot)"
74.7.227.45 - - [18/Dec/2025:22:34:30 +0000] "GET /wp-content/plugins/skyboot-custom-icons-for-elementor/assets/css/themify.css HTTP/2" 200 2754 "-" "Mozilla/5.0 AppleWebKit/537.36 (KHTML, like Gecko; compatible; GPTBot/1.3; +https://openai.com/gptbot)"
74.7.227.45 - - [18/Dec/2025:22:34:30 +0000] "GET /wp-content/plugins/skyboot-custom-icons-for-elementor/assets/css/elegant.css HTTP/2" 200 3856 "-" "Mozilla/5.0 AppleWebKit/537.36 (KHTML, like Gecko; compatible; GPTBot/1.3; +https://openai.com/gptbot)"
